Last updated on 2025-05-10 16:52:44 CEST.
Flavor | Version | Tinstall | Tcheck | Ttotal | Status | Flags |
---|---|---|---|---|---|---|
r-devel-linux-x86_64-debian-clang | 0.1.1 | 3.17 | 29.94 | 33.11 | NOTE | |
r-devel-linux-x86_64-debian-gcc | 0.1.1 | 2.47 | 24.09 | 26.56 | NOTE | |
r-devel-linux-x86_64-fedora-clang | 0.1.1 | 58.06 | OK | |||
r-devel-linux-x86_64-fedora-gcc | 0.1.1 | 73.01 | OK | |||
r-devel-windows-x86_64 | 0.1.1 | 5.00 | 51.00 | 56.00 | OK | |
r-patched-linux-x86_64 | 0.1.1 | 3.22 | 28.58 | 31.80 | OK | |
r-release-linux-x86_64 | 0.1.1 | 3.15 | 28.45 | 31.60 | OK | |
r-release-macos-arm64 | 0.1.1 | 26.00 | OK | |||
r-release-macos-x86_64 | 0.1.1 | 46.00 | OK | |||
r-release-windows-x86_64 | 0.1.1 | 5.00 | 50.00 | 55.00 | OK | |
r-oldrel-macos-arm64 | 0.1.1 | 26.00 | OK | |||
r-oldrel-macos-x86_64 | 0.1.1 | 38.00 | OK | |||
r-oldrel-windows-x86_64 | 0.1.1 | 5.00 | 58.00 | 63.00 | OK |
Version: 0.1.1
Check: CRAN incoming feasibility
Result: NOTE
Maintainer: ‘Nicholas J. Irons <nicholasjonirons@gmail.com>’
The Description field contains
Perrot-Dockès, Ouadah, Irons, & Raftery (2023) <arXiv:2305.08952>.
Please refer to arXiv e-prints via their arXiv DOI <doi:10.48550/arXiv.YYMM.NNNNN>.
Flavors: r-devel-linux-x86_64-debian-clang, r-devel-linux-x86_64-debian-gcc