Last updated on 2025-07-24 17:49:39 CEST.
Flavor | Version | Tinstall | Tcheck | Ttotal | Status | Flags |
---|---|---|---|---|---|---|
r-devel-linux-x86_64-debian-clang | 0.4.1 | 8.44 | 73.22 | 81.66 | OK | |
r-devel-linux-x86_64-debian-gcc | 0.4.1 | 6.55 | 55.34 | 61.89 | OK | |
r-devel-linux-x86_64-fedora-clang | 0.4.1 | 126.88 | OK | |||
r-devel-linux-x86_64-fedora-gcc | 0.4.1 | 135.94 | OK | |||
r-devel-windows-x86_64 | 0.4.1 | 9.00 | 84.00 | 93.00 | OK | |
r-patched-linux-x86_64 | 0.4.1 | 6.00 | 69.71 | 75.71 | OK | |
r-release-linux-x86_64 | 0.4.1 | 6.60 | 70.18 | 76.78 | OK | |
r-release-macos-arm64 | 0.4.1 | 55.00 | OK | |||
r-release-macos-x86_64 | 0.4.1 | 85.00 | OK | |||
r-release-windows-x86_64 | 0.4.1 | 10.00 | 85.00 | 95.00 | OK | |
r-oldrel-macos-arm64 | 0.4.1 | 45.00 | NOTE | |||
r-oldrel-macos-x86_64 | 0.4.1 | 68.00 | NOTE | |||
r-oldrel-windows-x86_64 | 0.4.1 | 13.00 | 103.00 | 116.00 | NOTE |
Version: 0.4.1
Check: LazyData
Result: NOTE
'LazyData' is specified without a 'data' directory
Flavors: r-oldrel-macos-arm64, r-oldrel-macos-x86_64, r-oldrel-windows-x86_64