CRAN Package Check Results for Package text2map

Last updated on 2025-07-15 13:49:38 CEST.

Flavor Version Tinstall Tcheck Ttotal Status Flags
r-devel-linux-x86_64-debian-clang 0.2.0 17.43 155.54 172.97 NOTE
r-devel-linux-x86_64-debian-gcc 0.2.0 12.23 107.21 119.44 NOTE
r-devel-linux-x86_64-fedora-clang 0.2.0 260.82 NOTE
r-devel-linux-x86_64-fedora-gcc 0.2.0 252.74 NOTE
r-devel-windows-x86_64 0.2.0 16.00 146.00 162.00 NOTE
r-patched-linux-x86_64 0.2.0 16.52 143.88 160.40 NOTE
r-release-linux-x86_64 0.2.0 15.48 141.60 157.08 NOTE
r-release-macos-arm64 0.2.0 65.00 NOTE
r-release-macos-x86_64 0.2.0 143.00 NOTE
r-release-windows-x86_64 0.2.0 19.00 157.00 176.00 NOTE
r-oldrel-macos-arm64 0.2.0 65.00 OK
r-oldrel-macos-x86_64 0.2.0 101.00 OK
r-oldrel-windows-x86_64 0.2.0 25.00 187.00 212.00 OK

Check Details

Version: 0.2.0
Check: DESCRIPTION meta-information
Result: NOTE Missing dependency on R >= 4.1.0 because package code uses the pipe |> or function shorthand \(...) syntax added in R 4.1.0. File(s) using such syntax: ‘dtm_builder.Rd’ ‘dtm_stopper.Rd’ ‘rancor_builder.Rd’ ‘rancors_builder.Rd’ ‘utils-perm.R’ Flavors: r-devel-linux-x86_64-debian-clang, r-devel-linux-x86_64-debian-gcc, r-devel-linux-x86_64-fedora-clang, r-devel-linux-x86_64-fedora-gcc, r-devel-windows-x86_64, r-patched-linux-x86_64, r-release-linux-x86_64, r-release-macos-arm64, r-release-windows-x86_64

Version: 0.2.0
Check: DESCRIPTION meta-information
Result: NOTE Missing dependency on R >= 4.1.0 because package code uses the pipe |> or function shorthand \(...) syntax added in R 4.1.0. File(s) using such syntax: ‘utils-perm.R’ Flavor: r-release-macos-x86_64