CRAN Package Check Results for Package tetraclasse

Last updated on 2025-07-24 05:49:27 CEST.

Flavor Version Tinstall Tcheck Ttotal Status Flags
r-devel-linux-x86_64-debian-clang 0.1.21 6.71 91.31 98.02 NOTE
r-devel-linux-x86_64-debian-gcc 0.1.21 4.41 67.88 72.29 NOTE
r-devel-linux-x86_64-fedora-clang 0.1.21 151.06 OK
r-devel-linux-x86_64-fedora-gcc 0.1.21 150.44 OK
r-devel-windows-x86_64 0.1.21 11.00 100.00 111.00 OK
r-patched-linux-x86_64 0.1.21 6.61 85.45 92.06 OK
r-release-linux-x86_64 0.1.21 6.23 87.64 93.87 OK
r-release-macos-arm64 0.1.21 42.00 OK
r-release-macos-x86_64 0.1.21 77.00 OK
r-release-windows-x86_64 0.1.21 13.00 102.00 115.00 OK
r-oldrel-macos-arm64 0.1.21 39.00 NOTE
r-oldrel-macos-x86_64 0.1.21 62.00 NOTE
r-oldrel-windows-x86_64 0.1.21 14.00 123.00 137.00 NOTE

Check Details

Version: 0.1.21
Check: CRAN incoming feasibility
Result: NOTE Maintainer: ‘vincent guyader <vincent@thinkr.fr>’ No Authors@R field in DESCRIPTION. Please add one, modifying Authors@R: person(given = "vincent", family = "guyader", role = c("aut", "cre"), email = "vincent@thinkr.fr") as necessary. Flavors: r-devel-linux-x86_64-debian-clang, r-devel-linux-x86_64-debian-gcc

Version: 0.1.21
Check: LazyData
Result: NOTE 'LazyData' is specified without a 'data' directory Flavors: r-oldrel-macos-arm64, r-oldrel-macos-x86_64, r-oldrel-windows-x86_64