CRAN Package Check Results for Package terrainr

Last updated on 2025-05-10 16:52:44 CEST.

Flavor Version Tinstall Tcheck Ttotal Status Flags
r-devel-linux-x86_64-debian-clang 0.7.5 5.46 56.54 62.00 NOTE
r-devel-linux-x86_64-debian-gcc 0.7.5 3.70 41.20 44.90 NOTE
r-devel-linux-x86_64-fedora-clang 0.7.5 93.80 NOTE
r-devel-linux-x86_64-fedora-gcc 0.7.5 106.47 NOTE
r-devel-windows-x86_64 0.7.5 8.00 75.00 83.00 NOTE
r-patched-linux-x86_64 0.7.5 6.09 51.48 57.57 NOTE
r-release-linux-x86_64 0.7.5 5.06 51.19 56.25 NOTE
r-release-macos-arm64 0.7.5 71.00 NOTE
r-release-macos-x86_64 0.7.5 66.00 NOTE
r-release-windows-x86_64 0.7.5 7.00 74.00 81.00 NOTE
r-oldrel-macos-arm64 0.7.5 38.00 OK
r-oldrel-macos-x86_64 0.7.5 56.00 OK
r-oldrel-windows-x86_64 0.7.5 10.00 85.00 95.00 OK

Check Details

Version: 0.7.5
Check: DESCRIPTION meta-information
Result: NOTE Missing dependency on R >= 4.1.0 because package code uses the pipe |> or function shorthand \(...) syntax added in R 4.1.0. File(s) using such syntax: ‘georeference_overlay.R’ Flavors: r-devel-linux-x86_64-debian-clang, r-devel-linux-x86_64-debian-gcc, r-devel-linux-x86_64-fedora-clang, r-devel-linux-x86_64-fedora-gcc, r-devel-windows-x86_64, r-patched-linux-x86_64, r-release-linux-x86_64, r-release-macos-arm64, r-release-macos-x86_64, r-release-windows-x86_64

Version: 0.7.5
Check: Rd cross-references
Result: NOTE Found the following Rd file(s) with Rd \link{} targets missing package anchors: geom_spatial_rgb.Rd: ggplot2 Please provide package anchors for all Rd \link{} targets not in the package itself and the base packages. Flavors: r-devel-linux-x86_64-debian-clang, r-devel-linux-x86_64-debian-gcc, r-devel-windows-x86_64, r-patched-linux-x86_64, r-release-linux-x86_64, r-release-windows-x86_64