Last updated on 2025-05-10 16:52:44 CEST.
Flavor | Version | Tinstall | Tcheck | Ttotal | Status | Flags |
---|---|---|---|---|---|---|
r-devel-linux-x86_64-debian-clang | 0.9.1 | 16.35 | 128.65 | 145.00 | OK | |
r-devel-linux-x86_64-debian-gcc | 0.9.1 | 10.07 | 92.15 | 102.22 | OK | |
r-devel-linux-x86_64-fedora-clang | 0.9.1 | 217.21 | OK | |||
r-devel-linux-x86_64-fedora-gcc | 0.9.1 | 232.81 | OK | |||
r-devel-windows-x86_64 | 0.9.1 | 18.00 | 136.00 | 154.00 | OK | |
r-patched-linux-x86_64 | 0.9.1 | 16.77 | 123.74 | 140.51 | OK | |
r-release-linux-x86_64 | 0.9.1 | 15.36 | 123.47 | 138.83 | OK | |
r-release-macos-arm64 | 0.9.1 | 69.00 | OK | |||
r-release-macos-x86_64 | 0.9.1 | 110.00 | OK | |||
r-release-windows-x86_64 | 0.9.1 | 18.00 | 135.00 | 153.00 | OK | |
r-oldrel-macos-arm64 | 0.9.1 | 62.00 | NOTE | |||
r-oldrel-macos-x86_64 | 0.9.1 | 135.00 | NOTE | |||
r-oldrel-windows-x86_64 | 0.9.1 | 24.00 | 171.00 | 195.00 | OK |
Version: 0.9.1
Check: package dependencies
Result: NOTE
Package suggested but not available for checking: ‘INLA’
Flavors: r-oldrel-macos-arm64, r-oldrel-macos-x86_64