Last updated on 2024-05-19 12:54:01 CEST.
Flavor | Version | Tinstall | Tcheck | Ttotal | Status | Flags |
---|---|---|---|---|---|---|
r-devel-linux-x86_64-debian-clang | 0.1.5 | 8.25 | 181.76 | 190.01 | NOTE | |
r-devel-linux-x86_64-debian-gcc | 0.1.5 | 5.49 | 127.28 | 132.77 | NOTE | |
r-devel-linux-x86_64-fedora-clang | 0.1.5 | 227.48 | NOTE | |||
r-devel-linux-x86_64-fedora-gcc | 0.1.5 | 269.85 | NOTE | |||
r-devel-windows-x86_64 | 0.1.5 | 6.00 | 130.00 | 136.00 | NOTE | |
r-patched-linux-x86_64 | 0.1.5 | 4.67 | 168.19 | 172.86 | NOTE | |
r-release-linux-x86_64 | 0.1.5 | 4.30 | 165.82 | 170.12 | NOTE | |
r-release-macos-arm64 | 0.1.5 | 62.00 | NOTE | |||
r-release-windows-x86_64 | 0.1.5 | 7.00 | 133.00 | 140.00 | NOTE | |
r-oldrel-macos-arm64 | 0.1.5 | 66.00 | OK | |||
r-oldrel-macos-x86_64 | 0.1.5 | 114.00 | OK | |||
r-oldrel-windows-x86_64 | 0.1.5 | 9.00 | 171.00 | 180.00 | OK |
Version: 0.1.5
Check: Rd files
Result: NOTE
checkRd: (-1) mean_ci.Rd:24: Lost braces
24 | \item{na.rm}{logical code{TRUE/FALSE}. Remove NAs from the dataset. Defaults
| ^
checkRd: (-1) median_ci.Rd:24: Lost braces
24 | \item{na.rm}{logical code{TRUE/FALSE}. Remove NAs from the dataset. Defaults
| ^
Flavors: r-devel-linux-x86_64-debian-clang, r-devel-linux-x86_64-debian-gcc, r-devel-linux-x86_64-fedora-clang, r-devel-linux-x86_64-fedora-gcc, r-devel-windows-x86_64, r-patched-linux-x86_64, r-release-linux-x86_64, r-release-macos-arm64, r-release-windows-x86_64