Last updated on 2025-05-10 20:49:55 CEST.
Flavor | Version | Tinstall | Tcheck | Ttotal | Status | Flags |
---|---|---|---|---|---|---|
r-devel-linux-x86_64-debian-clang | 0.3.0 | 5.87 | 44.60 | 50.47 | NOTE | |
r-devel-linux-x86_64-debian-gcc | 0.3.0 | 4.20 | 32.86 | 37.06 | NOTE | |
r-devel-linux-x86_64-fedora-clang | 0.3.0 | 76.66 | OK | |||
r-devel-linux-x86_64-fedora-gcc | 0.3.0 | 76.95 | OK | |||
r-devel-windows-x86_64 | 0.3.0 | 7.00 | 68.00 | 75.00 | OK | |
r-patched-linux-x86_64 | 0.3.0 | 6.41 | 41.40 | 47.81 | OK | |
r-release-linux-x86_64 | 0.3.0 | 5.49 | 41.33 | 46.82 | OK | |
r-release-macos-arm64 | 0.3.0 | 29.00 | OK | |||
r-release-macos-x86_64 | 0.3.0 | 44.00 | OK | |||
r-release-windows-x86_64 | 0.3.0 | 8.00 | 70.00 | 78.00 | OK | |
r-oldrel-macos-arm64 | 0.3.0 | 25.00 | OK | |||
r-oldrel-macos-x86_64 | 0.3.0 | 38.00 | OK | |||
r-oldrel-windows-x86_64 | 0.3.0 | 9.00 | 77.00 | 86.00 | OK |
Version: 0.3.0
Check: CRAN incoming feasibility
Result: NOTE
Maintainer: ‘Lukas Burk <lukas@quantenbrot.de>’
Found the following (possibly) invalid file URI:
URI: CODE_OF_CONDUCT.md
From: README.md
Flavors: r-devel-linux-x86_64-debian-clang, r-devel-linux-x86_64-debian-gcc