Last updated on 2025-05-10 16:52:44 CEST.
Flavor | Version | Tinstall | Tcheck | Ttotal | Status | Flags |
---|---|---|---|---|---|---|
r-devel-linux-x86_64-debian-clang | 0.19.0 | 1.61 | 22.64 | 24.25 | NOTE | |
r-devel-linux-x86_64-debian-gcc | 0.19.0 | 1.56 | 18.44 | 20.00 | NOTE | |
r-devel-linux-x86_64-fedora-clang | 0.19.0 | 37.33 | NOTE | |||
r-devel-linux-x86_64-fedora-gcc | 0.19.0 | 37.53 | NOTE | |||
r-devel-windows-x86_64 | 0.19.0 | 3.00 | 44.00 | 47.00 | NOTE | |
r-patched-linux-x86_64 | 0.19.0 | 2.35 | 20.79 | 23.14 | NOTE | |
r-release-linux-x86_64 | 0.19.0 | 1.53 | 20.67 | 22.20 | NOTE | |
r-release-macos-arm64 | 0.19.0 | 17.00 | NOTE | |||
r-release-macos-x86_64 | 0.19.0 | 27.00 | NOTE | |||
r-release-windows-x86_64 | 0.19.0 | 4.00 | 46.00 | 50.00 | NOTE | |
r-oldrel-macos-arm64 | 0.19.0 | 22.00 | OK | |||
r-oldrel-macos-x86_64 | 0.19.0 | 32.00 | OK | |||
r-oldrel-windows-x86_64 | 0.19.0 | 5.00 | 48.00 | 53.00 | OK |
Version: 0.19.0
Check: DESCRIPTION meta-information
Result: NOTE
Missing dependency on R >= 4.1.0 because package code uses the pipe
|> or function shorthand \(...) syntax added in R 4.1.0.
File(s) using such syntax:
‘depreciation_interest.R’ ‘friction_period.R’ ‘nl_med_prices.R’
‘nl_pat_fam_prices.R’ ‘nl_ppp.R’ ‘nl_price_index.R’
‘nl_prod_oth_prices.R’
Flavors: r-devel-linux-x86_64-debian-clang, r-devel-linux-x86_64-debian-gcc, r-devel-linux-x86_64-fedora-clang, r-devel-linux-x86_64-fedora-gcc, r-devel-windows-x86_64, r-patched-linux-x86_64, r-release-linux-x86_64, r-release-macos-arm64, r-release-macos-x86_64, r-release-windows-x86_64