Last updated on 2025-07-27 01:48:37 CEST.
Flavor | Version | Tinstall | Tcheck | Ttotal | Status | Flags |
---|---|---|---|---|---|---|
r-devel-linux-x86_64-debian-clang | 0.5 | 169.19 | 159.77 | 328.96 | NOTE | |
r-devel-linux-x86_64-debian-gcc | 0.5 | 123.14 | 111.81 | 234.95 | NOTE | |
r-devel-linux-x86_64-fedora-clang | 0.5 | 580.15 | NOTE | |||
r-devel-linux-x86_64-fedora-gcc | 0.5 | 545.02 | NOTE | |||
r-devel-windows-x86_64 | 0.5 | 200.00 | 182.00 | 382.00 | NOTE | |
r-patched-linux-x86_64 | 0.5 | 169.73 | 150.21 | 319.94 | NOTE | |
r-release-linux-x86_64 | 0.5 | 176.29 | 146.09 | 322.38 | NOTE | |
r-release-macos-arm64 | 0.5 | 145.00 | NOTE | |||
r-release-macos-x86_64 | 0.5 | 230.00 | NOTE | |||
r-release-windows-x86_64 | 0.5 | 193.00 | 180.00 | 373.00 | NOTE | |
r-oldrel-macos-arm64 | 0.5 | 133.00 | NOTE | |||
r-oldrel-macos-x86_64 | 0.5 | 160.00 | NOTE | |||
r-oldrel-windows-x86_64 | 0.5 | 226.00 | 239.00 | 465.00 | OK |
Version: 0.5
Check: DESCRIPTION meta-information
Result: NOTE
Missing dependency on R >= 4.1.0 because package code uses the pipe
|> or function shorthand \(...) syntax added in R 4.1.0.
File(s) using such syntax:
‘alean.Rd’ ‘nondom.Rd’
Flavors: r-devel-linux-x86_64-debian-clang, r-devel-linux-x86_64-debian-gcc, r-devel-linux-x86_64-fedora-clang, r-devel-linux-x86_64-fedora-gcc, r-devel-windows-x86_64, r-patched-linux-x86_64, r-release-linux-x86_64, r-release-macos-arm64, r-release-macos-x86_64, r-release-windows-x86_64
Version: 0.5
Check: installed package size
Result: NOTE
installed size is 15.0Mb
sub-directories of 1Mb or more:
doc 1.1Mb
libs 13.3Mb
Flavors: r-oldrel-macos-arm64, r-oldrel-macos-x86_64