CRAN Package Check Results for Package talkr

Last updated on 2025-05-10 20:49:55 CEST.

Flavor Version Tinstall Tcheck Ttotal Status Flags
r-devel-linux-x86_64-debian-clang 0.1.3 5.42 64.79 70.21 NOTE
r-devel-linux-x86_64-debian-gcc 0.1.3 3.81 47.94 51.75 NOTE
r-devel-linux-x86_64-fedora-clang 0.1.3 114.76 NOTE
r-devel-linux-x86_64-fedora-gcc 0.1.3 125.01 NOTE
r-devel-windows-x86_64 0.1.3 8.00 78.00 86.00 NOTE
r-patched-linux-x86_64 0.1.3 5.90 60.63 66.53 NOTE
r-release-linux-x86_64 0.1.3 5.60 60.51 66.11 NOTE
r-release-macos-arm64 0.1.3 39.00 NOTE
r-release-macos-x86_64 0.1.3 75.00 NOTE
r-release-windows-x86_64 0.1.3 7.00 79.00 86.00 NOTE
r-oldrel-macos-arm64 0.1.3 46.00 OK
r-oldrel-macos-x86_64 0.1.3 67.00 OK
r-oldrel-windows-x86_64 0.1.3 10.00 92.00 102.00 OK

Check Details

Version: 0.1.3
Check: DESCRIPTION meta-information
Result: NOTE Missing dependency on R >= 4.1.0 because package code uses the pipe |> or function shorthand \(...) syntax added in R 4.1.0. File(s) using such syntax: ‘add_lines.R’ ‘init.R’ ‘plots.R’ ‘report.R’ ‘tokenize.R’ Flavors: r-devel-linux-x86_64-debian-clang, r-devel-linux-x86_64-debian-gcc, r-devel-linux-x86_64-fedora-clang, r-devel-linux-x86_64-fedora-gcc, r-devel-windows-x86_64, r-patched-linux-x86_64, r-release-linux-x86_64, r-release-macos-arm64, r-release-macos-x86_64, r-release-windows-x86_64