Last updated on 2025-05-10 13:49:48 CEST.
Flavor | Version | Tinstall | Tcheck | Ttotal | Status | Flags |
---|---|---|---|---|---|---|
r-devel-linux-x86_64-debian-clang | 1.0.1 | 13.56 | 96.66 | 110.22 | NOTE | |
r-devel-linux-x86_64-debian-gcc | 1.0.1 | 9.16 | 69.14 | 78.30 | NOTE | |
r-devel-linux-x86_64-fedora-clang | 1.0.1 | 172.79 | OK | |||
r-devel-linux-x86_64-fedora-gcc | 1.0.1 | 191.41 | OK | |||
r-devel-windows-x86_64 | 1.0.1 | 16.00 | 109.00 | 125.00 | OK | |
r-patched-linux-x86_64 | 1.0.1 | 11.88 | 91.99 | 103.87 | OK | |
r-release-linux-x86_64 | 1.0.1 | 14.40 | 91.75 | 106.15 | OK | |
r-release-macos-arm64 | 1.0.1 | 61.00 | OK | |||
r-release-macos-x86_64 | 1.0.1 | 132.00 | OK | |||
r-release-windows-x86_64 | 1.0.1 | 16.00 | 110.00 | 126.00 | OK | |
r-oldrel-macos-arm64 | 1.0.1 | 54.00 | OK | |||
r-oldrel-macos-x86_64 | 1.0.1 | 97.00 | OK | |||
r-oldrel-windows-x86_64 | 1.0.1 | 23.00 | 130.00 | 153.00 | OK |
Version: 1.0.1
Check: CRAN incoming feasibility
Result: NOTE
Maintainer: ‘Anna Kiriliouk <anna.kiriliouk@unamur.be>’
No Authors@R field in DESCRIPTION.
Please add one, modifying
Authors@R: person(given = "Anna",
family = "Kiriliouk",
role = c("aut", "cre"),
email = "anna.kiriliouk@unamur.be")
as necessary.
Flavors: r-devel-linux-x86_64-debian-clang, r-devel-linux-x86_64-debian-gcc