Last updated on 2025-05-10 20:49:55 CEST.
Flavor | Version | Tinstall | Tcheck | Ttotal | Status | Flags |
---|---|---|---|---|---|---|
r-devel-linux-x86_64-debian-clang | 0.5.0 | 7.52 | 67.69 | 75.21 | NOTE | |
r-devel-linux-x86_64-debian-gcc | 0.5.0 | 5.91 | 49.18 | 55.09 | NOTE | |
r-devel-linux-x86_64-fedora-clang | 0.5.0 | 103.75 | OK | |||
r-devel-linux-x86_64-fedora-gcc | 0.5.0 | 111.94 | OK | |||
r-devel-windows-x86_64 | 0.5.0 | 9.00 | 85.00 | 94.00 | OK | |
r-patched-linux-x86_64 | 0.5.0 | 7.70 | 65.51 | 73.21 | OK | |
r-release-linux-x86_64 | 0.5.0 | 7.03 | 65.42 | 72.45 | OK | |
r-release-macos-arm64 | 0.5.0 | 38.00 | OK | |||
r-release-macos-x86_64 | 0.5.0 | 64.00 | OK | |||
r-release-windows-x86_64 | 0.5.0 | 9.00 | 85.00 | 94.00 | OK | |
r-oldrel-macos-arm64 | 0.5.0 | 35.00 | OK | |||
r-oldrel-macos-x86_64 | 0.5.0 | 114.00 | OK | |||
r-oldrel-windows-x86_64 | 0.5.0 | 11.00 | 106.00 | 117.00 | OK |
Version: 0.5.0
Check: CRAN incoming feasibility
Result: NOTE
Maintainer: ‘Stéphane Laurent <laurent_step@outlook.fr>’
No Authors@R field in DESCRIPTION.
Please add one, modifying
Authors@R: person(given = "Stéphane",
family = "Laurent",
role = c("aut", "cre"),
email = "laurent_step@outlook.fr")
as necessary.
Flavors: r-devel-linux-x86_64-debian-clang, r-devel-linux-x86_64-debian-gcc