Last updated on 2025-05-10 16:52:44 CEST.
Flavor | Version | Tinstall | Tcheck | Ttotal | Status | Flags |
---|---|---|---|---|---|---|
r-devel-linux-x86_64-debian-clang | 3.4.3 | 2.43 | 21.20 | 23.63 | OK | |
r-devel-linux-x86_64-debian-gcc | 3.4.3 | 1.98 | 17.87 | 19.85 | OK | |
r-devel-linux-x86_64-fedora-clang | 3.4.3 | 37.31 | OK | |||
r-devel-linux-x86_64-fedora-gcc | 3.4.3 | 35.74 | OK | |||
r-devel-windows-x86_64 | 3.4.3 | 8.00 | 54.00 | 62.00 | OK | |
r-patched-linux-x86_64 | 3.4.3 | 2.27 | 20.67 | 22.94 | OK | |
r-release-linux-x86_64 | 3.4.3 | 2.33 | 20.31 | 22.64 | OK | |
r-release-macos-arm64 | 3.4.3 | 27.00 | OK | |||
r-release-macos-x86_64 | 3.4.3 | 40.00 | OK | |||
r-release-windows-x86_64 | 3.4.3 | 9.00 | 57.00 | 66.00 | OK | |
r-oldrel-macos-arm64 | 3.4.3 | 31.00 | OK | |||
r-oldrel-macos-x86_64 | 3.4.3 | 59.00 | OK | |||
r-oldrel-windows-x86_64 | 3.4.3 | 8.00 | 58.00 | 66.00 | NOTE |
Version: 3.4.3
Check: package dependencies
Result: NOTE
Package suggested but not available for checking: 'unix'
Flavor: r-oldrel-windows-x86_64