Last updated on 2025-05-10 20:49:55 CEST.
Flavor | Version | Tinstall | Tcheck | Ttotal | Status | Flags |
---|---|---|---|---|---|---|
r-devel-linux-x86_64-debian-clang | 1.5.0 | 2.52 | 57.36 | 59.88 | NOTE | |
r-devel-linux-x86_64-debian-gcc | 1.5.0 | 1.81 | 43.53 | 45.34 | NOTE | |
r-devel-linux-x86_64-fedora-clang | 1.5.0 | 99.02 | OK | |||
r-devel-linux-x86_64-fedora-gcc | 1.5.0 | 109.86 | OK | |||
r-devel-windows-x86_64 | 1.5.0 | 4.00 | 89.00 | 93.00 | OK | |
r-patched-linux-x86_64 | 1.5.0 | 3.04 | 56.20 | 59.24 | OK | |
r-release-linux-x86_64 | 1.5.0 | 2.14 | 56.30 | 58.44 | OK | |
r-release-macos-arm64 | 1.5.0 | 51.00 | OK | |||
r-release-macos-x86_64 | 1.5.0 | 81.00 | OK | |||
r-release-windows-x86_64 | 1.5.0 | 4.00 | 90.00 | 94.00 | OK | |
r-oldrel-macos-arm64 | 1.5.0 | 39.00 | OK | |||
r-oldrel-macos-x86_64 | 1.5.0 | 58.00 | OK | |||
r-oldrel-windows-x86_64 | 1.5.0 | 5.00 | 103.00 | 108.00 | OK |
Version: 1.5.0
Check: CRAN incoming feasibility
Result: NOTE
Maintainer: ‘Mans Magnusson <mons.magnusson@gmail.com>’
No Authors@R field in DESCRIPTION.
Please add one, modifying
Authors@R: c(person(given = "Mans",
family = "Magnusson",
role = c("aut", "cre"),
email = "mons.magnusson@gmail.com"),
person(given = "Erik",
family = "Bulow",
role = "aut"))
as necessary.
Flavors: r-devel-linux-x86_64-debian-clang, r-devel-linux-x86_64-debian-gcc