Last updated on 2025-05-10 20:49:55 CEST.
Flavor | Version | Tinstall | Tcheck | Ttotal | Status | Flags |
---|---|---|---|---|---|---|
r-devel-linux-x86_64-debian-clang | 0.2.4 | 111.45 | 55.83 | 167.28 | OK | |
r-devel-linux-x86_64-debian-gcc | 0.2.4 | 97.46 | 48.74 | 146.20 | OK | |
r-devel-linux-x86_64-fedora-clang | 0.2.4 | 283.08 | OK | |||
r-devel-linux-x86_64-fedora-gcc | 0.2.4 | 390.02 | OK | |||
r-devel-windows-x86_64 | 0.2.4 | 129.00 | 128.00 | 257.00 | OK | |
r-patched-linux-x86_64 | 0.2.4 | 132.15 | 65.49 | 197.64 | OK | |
r-release-linux-x86_64 | 0.2.4 | 129.73 | 64.94 | 194.67 | OK | |
r-release-macos-arm64 | 0.2.4 | 119.00 | OK | |||
r-release-macos-x86_64 | 0.2.4 | 166.00 | OK | |||
r-release-windows-x86_64 | 0.2.4 | 124.00 | 128.00 | 252.00 | OK | |
r-oldrel-macos-arm64 | 0.2.4 | 85.00 | NOTE | |||
r-oldrel-macos-x86_64 | 0.2.4 | 161.00 | NOTE | |||
r-oldrel-windows-x86_64 | 0.2.4 | 148.00 | 149.00 | 297.00 | NOTE |
Version: 0.2.4
Check: installed package size
Result: NOTE
installed size is 45.9Mb
sub-directories of 1Mb or more:
libs 45.4Mb
Flavors: r-oldrel-macos-arm64, r-oldrel-macos-x86_64, r-oldrel-windows-x86_64