Last updated on 2025-05-10 16:52:43 CEST.
Flavor | Version | Tinstall | Tcheck | Ttotal | Status | Flags |
---|---|---|---|---|---|---|
r-devel-linux-x86_64-debian-clang | 1.4.3 | 19.60 | 58.41 | 78.01 | NOTE | |
r-devel-linux-x86_64-debian-gcc | 1.4.3 | 12.43 | 39.08 | 51.51 | NOTE | |
r-devel-linux-x86_64-fedora-clang | 1.4.3 | 136.15 | OK | |||
r-devel-linux-x86_64-fedora-gcc | 1.4.3 | 129.09 | OK | |||
r-devel-windows-x86_64 | 1.4.3 | 21.00 | 83.00 | 104.00 | OK | |
r-patched-linux-x86_64 | 1.4.3 | 19.95 | 57.44 | 77.39 | OK | |
r-release-linux-x86_64 | 1.4.3 | 18.96 | 56.85 | 75.81 | OK | |
r-release-macos-arm64 | 1.4.3 | 30.00 | OK | |||
r-release-macos-x86_64 | 1.4.3 | 64.00 | OK | |||
r-release-windows-x86_64 | 1.4.3 | 22.00 | 86.00 | 108.00 | OK | |
r-oldrel-macos-arm64 | 1.4.3 | 29.00 | OK | |||
r-oldrel-macos-x86_64 | 1.4.3 | 50.00 | OK | |||
r-oldrel-windows-x86_64 | 1.4.3 | 23.00 | 104.00 | 127.00 | OK |
Version: 1.4.3
Check: CRAN incoming feasibility
Result: NOTE
Maintainer: ‘Aaron M Olsen <aarolsen@gmail.com>’
No Authors@R field in DESCRIPTION.
Please add one, modifying
Authors@R: c(person(given = c("Aaron", "M"),
family = "Olsen",
role = c("aut", "cre"),
email = "aarolsen@gmail.com"),
person(given = c("Alejandro", "J"),
family = "Romero",
role = "aut"))
as necessary.
Flavors: r-devel-linux-x86_64-debian-clang, r-devel-linux-x86_64-debian-gcc