Last updated on 2025-05-10 20:49:55 CEST.
Flavor | Version | Tinstall | Tcheck | Ttotal | Status | Flags |
---|---|---|---|---|---|---|
r-devel-linux-x86_64-debian-clang | 0.1.0 | 1.57 | 19.83 | 21.40 | OK | |
r-devel-linux-x86_64-debian-gcc | 0.1.0 | 1.52 | 16.36 | 17.88 | OK | |
r-devel-linux-x86_64-fedora-clang | 0.1.0 | 33.43 | OK | |||
r-devel-linux-x86_64-fedora-gcc | 0.1.0 | 31.55 | OK | |||
r-devel-windows-x86_64 | 0.1.0 | 3.00 | 42.00 | 45.00 | OK | |
r-patched-linux-x86_64 | 0.1.0 | 1.97 | 18.14 | 20.11 | OK | |
r-release-linux-x86_64 | 0.1.0 | 1.79 | 18.20 | 19.99 | OK | |
r-release-macos-arm64 | 0.1.0 | 17.00 | OK | |||
r-release-macos-x86_64 | 0.1.0 | 23.00 | OK | |||
r-release-windows-x86_64 | 0.1.0 | 2.00 | 53.00 | 55.00 | OK | |
r-oldrel-macos-arm64 | 0.1.0 | 16.00 | NOTE | |||
r-oldrel-macos-x86_64 | 0.1.0 | 22.00 | NOTE | |||
r-oldrel-windows-x86_64 | 0.1.0 | 2.00 | 42.00 | 44.00 | NOTE |
Version: 0.1.0
Check: LazyData
Result: NOTE
'LazyData' is specified without a 'data' directory
Flavors: r-oldrel-macos-arm64, r-oldrel-macos-x86_64, r-oldrel-windows-x86_64