Last updated on 2025-05-10 16:52:43 CEST.
Flavor | Version | Tinstall | Tcheck | Ttotal | Status | Flags |
---|---|---|---|---|---|---|
r-devel-linux-x86_64-debian-clang | 0.3.0 | 12.48 | 134.15 | 146.63 | NOTE | |
r-devel-linux-x86_64-debian-gcc | 0.3.0 | 9.64 | 94.19 | 103.83 | NOTE | |
r-devel-linux-x86_64-fedora-clang | 0.3.0 | 240.65 | OK | |||
r-devel-linux-x86_64-fedora-gcc | 0.3.0 | 230.25 | OK | |||
r-devel-windows-x86_64 | 0.3.0 | 15.00 | 134.00 | 149.00 | NOTE | |
r-patched-linux-x86_64 | 0.3.0 | 12.29 | 122.01 | 134.30 | NOTE | |
r-release-linux-x86_64 | 0.3.0 | 12.55 | 123.12 | 135.67 | NOTE | |
r-release-macos-arm64 | 0.3.0 | 65.00 | OK | |||
r-release-macos-x86_64 | 0.3.0 | 118.00 | OK | |||
r-release-windows-x86_64 | 0.3.0 | 15.00 | 136.00 | 151.00 | NOTE | |
r-oldrel-macos-arm64 | 0.3.0 | 69.00 | OK | |||
r-oldrel-macos-x86_64 | 0.3.0 | 97.00 | OK | |||
r-oldrel-windows-x86_64 | 0.3.0 | 18.00 | 168.00 | 186.00 | OK |
Version: 0.3.0
Check: CRAN incoming feasibility
Result: NOTE
Maintainer: ‘Marcel Wiesweg <marcel.wiesweg@uk-essen.de>’
Found the following (possibly) invalid URLs:
URL: JSTOR:2344317
From: DESCRIPTION
Message: Invalid URI scheme
URL: JSTOR:2985181
From: DESCRIPTION
Message: Invalid URI scheme
Flavors: r-devel-linux-x86_64-debian-clang, r-devel-linux-x86_64-debian-gcc
Version: 0.3.0
Check: Rd cross-references
Result: NOTE
Found the following Rd file(s) with Rd \link{} targets missing package
anchors:
forest_plot.Rd: draw_label
forest_plot_grid.Rd: plot_grid
kaplan_meier_grid.Rd: ggsurvplot, save_pdf, marrangeGrob
kaplan_meier_plot.Rd: ggsurvplot, save_pdf
pluck_multivariate_analysis.Rd: coxph
pluck_survival_analysis.Rd: survfit, survdiff, coxph
Please provide package anchors for all Rd \link{} targets not in the
package itself and the base packages.
Flavors: r-devel-linux-x86_64-debian-clang, r-devel-linux-x86_64-debian-gcc, r-devel-windows-x86_64, r-patched-linux-x86_64, r-release-linux-x86_64, r-release-windows-x86_64