Last updated on 2025-05-10 20:49:55 CEST.
Flavor | Version | Tinstall | Tcheck | Ttotal | Status | Flags |
---|---|---|---|---|---|---|
r-devel-linux-x86_64-debian-clang | 0.0-2 | 30.76 | 25.50 | 56.26 | NOTE | |
r-devel-linux-x86_64-debian-gcc | 0.0-2 | 20.61 | 21.54 | 42.15 | NOTE | |
r-devel-linux-x86_64-fedora-clang | 0.0-2 | 109.21 | NOTE | |||
r-devel-linux-x86_64-fedora-gcc | 0.0-2 | 99.98 | NOTE | |||
r-devel-windows-x86_64 | 0.0-2 | 37.00 | 65.00 | 102.00 | NOTE | |
r-patched-linux-x86_64 | 0.0-2 | 27.26 | 24.49 | 51.75 | NOTE | |
r-release-linux-x86_64 | 0.0-2 | 26.13 | 24.31 | 50.44 | NOTE | |
r-release-macos-arm64 | 0.0-2 | 42.00 | NOTE | |||
r-release-macos-x86_64 | 0.0-2 | 46.00 | NOTE | |||
r-release-windows-x86_64 | 0.0-2 | 37.00 | 68.00 | 105.00 | NOTE | |
r-oldrel-macos-arm64 | 0.0-2 | 31.00 | NOTE | |||
r-oldrel-macos-x86_64 | 0.0-2 | 46.00 | NOTE | |||
r-oldrel-windows-x86_64 | 0.0-2 | 40.00 | 74.00 | 114.00 | NOTE |
Version: 0.0-2
Check: CRAN incoming feasibility
Result: NOTE
Maintainer: ‘Michael Komodromos <mk1019@ic.ac.uk>’
No Authors@R field in DESCRIPTION.
Please add one, modifying
Authors@R: person(given = "Michael",
family = "Komodromos",
role = c("aut", "cre"),
email = "mk1019@ic.ac.uk")
as necessary.
The Description field contains
information see Komodromos et al. (2021) <arXiv:2112.10270>.
Please refer to arXiv e-prints via their arXiv DOI <doi:10.48550/arXiv.YYMM.NNNNN>.
Flavors: r-devel-linux-x86_64-debian-clang, r-devel-linux-x86_64-debian-gcc
Version: 0.0-2
Check: C++ specification
Result: NOTE
Specified C++11: please drop specification unless essential
Flavors: r-devel-linux-x86_64-debian-clang, r-devel-linux-x86_64-debian-gcc, r-devel-linux-x86_64-fedora-clang, r-devel-linux-x86_64-fedora-gcc, r-devel-windows-x86_64, r-patched-linux-x86_64, r-release-linux-x86_64, r-release-macos-arm64, r-release-macos-x86_64, r-release-windows-x86_64, r-oldrel-macos-arm64, r-oldrel-macos-x86_64, r-oldrel-windows-x86_64