Last updated on 2025-05-10 16:52:43 CEST.
Flavor | Version | Tinstall | Tcheck | Ttotal | Status | Flags |
---|---|---|---|---|---|---|
r-devel-linux-x86_64-debian-clang | 1.1-2 | 7.58 | 58.43 | 66.01 | NOTE | |
r-devel-linux-x86_64-debian-gcc | 1.1-2 | 5.06 | 43.37 | 48.43 | NOTE | |
r-devel-linux-x86_64-fedora-clang | 1.1-2 | 99.50 | OK | |||
r-devel-linux-x86_64-fedora-gcc | 1.1-2 | 94.63 | OK | |||
r-devel-windows-x86_64 | 1.1-2 | 10.00 | 78.00 | 88.00 | OK | |
r-patched-linux-x86_64 | 1.1-2 | 6.27 | 54.98 | 61.25 | OK | |
r-release-linux-x86_64 | 1.1-2 | 6.32 | 54.96 | 61.28 | OK | |
r-release-macos-arm64 | 1.1-2 | 38.00 | OK | |||
r-release-macos-x86_64 | 1.1-2 | 113.00 | OK | |||
r-release-windows-x86_64 | 1.1-2 | 10.00 | 79.00 | 89.00 | OK | |
r-oldrel-macos-arm64 | 1.1-2 | 34.00 | OK | |||
r-oldrel-macos-x86_64 | 1.1-2 | 58.00 | OK | |||
r-oldrel-windows-x86_64 | 1.1-2 | 12.00 | 85.00 | 97.00 | OK |
Version: 1.1-2
Check: CRAN incoming feasibility
Result: NOTE
Maintainer: ‘Hajime Uno <huno@jimmy.harvard.edu>’
No Authors@R field in DESCRIPTION.
Please add one, modifying
Authors@R: c(person(given = "Hajime",
family = "Uno",
role = c("aut", "cre"),
email = "huno@jimmy.harvard.edu"),
person(given = "Tianxi",
family = "Cai",
role = "aut"))
as necessary.
Flavors: r-devel-linux-x86_64-debian-clang, r-devel-linux-x86_64-debian-gcc