CRAN Package Check Results for Package survAWKMT2

Last updated on 2025-05-10 16:52:43 CEST.

Flavor Version Tinstall Tcheck Ttotal Status Flags
r-devel-linux-x86_64-debian-clang 1.0.1 5.93 52.79 58.72 NOTE
r-devel-linux-x86_64-debian-gcc 1.0.1 4.15 41.06 45.21 NOTE
r-devel-linux-x86_64-fedora-clang 1.0.1 90.90 OK
r-devel-linux-x86_64-fedora-gcc 1.0.1 86.19 OK
r-devel-windows-x86_64 1.0.1 6.00 64.00 70.00 OK
r-patched-linux-x86_64 1.0.1 6.12 49.36 55.48 OK
r-release-linux-x86_64 1.0.1 5.93 49.28 55.21 OK
r-release-macos-arm64 1.0.1 28.00 OK
r-release-macos-x86_64 1.0.1 49.00 OK
r-release-windows-x86_64 1.0.1 8.00 66.00 74.00 OK
r-oldrel-macos-arm64 1.0.1 28.00 OK
r-oldrel-macos-x86_64 1.0.1 41.00 OK
r-oldrel-windows-x86_64 1.0.1 10.00 75.00 85.00 OK

Check Details

Version: 1.0.1
Check: CRAN incoming feasibility
Result: NOTE Maintainer: ‘Miki Horiguchi <horiguchimiki@gmail.com>’ No Authors@R field in DESCRIPTION. Please add one, modifying Authors@R: c(person(given = "Miki", family = "Horiguchi", role = c("aut", "cre"), email = "horiguchimiki@gmail.com"), person(given = "Hajime", family = "Uno", role = "aut")) as necessary. Flavors: r-devel-linux-x86_64-debian-clang, r-devel-linux-x86_64-debian-gcc