Last updated on 2024-05-19 12:54:01 CEST.
Flavor | Version | Tinstall | Tcheck | Ttotal | Status | Flags |
---|---|---|---|---|---|---|
r-devel-linux-x86_64-debian-clang | 0.1.0 | 6.22 | 72.99 | 79.21 | NOTE | |
r-devel-linux-x86_64-debian-gcc | 0.1.0 | 6.76 | 54.88 | 61.64 | NOTE | |
r-devel-linux-x86_64-fedora-clang | 0.1.0 | 101.09 | NOTE | |||
r-devel-linux-x86_64-fedora-gcc | 0.1.0 | 149.95 | NOTE | |||
r-devel-windows-x86_64 | 0.1.0 | 7.00 | 70.00 | 77.00 | NOTE | |
r-patched-linux-x86_64 | 0.1.0 | 8.35 | 71.25 | 79.60 | NOTE | |
r-release-linux-x86_64 | 0.1.0 | 6.14 | 73.04 | 79.18 | NOTE | |
r-release-macos-arm64 | 0.1.0 | 30.00 | NOTE | |||
r-release-windows-x86_64 | 0.1.0 | 8.00 | 67.00 | 75.00 | NOTE | |
r-oldrel-macos-arm64 | 0.1.0 | 35.00 | NOTE | |||
r-oldrel-macos-x86_64 | 0.1.0 | 54.00 | NOTE | |||
r-oldrel-windows-x86_64 | 0.1.0 | 9.00 | 81.00 | 90.00 | NOTE |
Version: 0.1.0
Check: LazyData
Result: NOTE
'LazyData' is specified without a 'data' directory
Flavors: r-devel-linux-x86_64-debian-clang, r-devel-linux-x86_64-debian-gcc, r-devel-linux-x86_64-fedora-clang, r-devel-linux-x86_64-fedora-gcc, r-devel-windows-x86_64, r-patched-linux-x86_64, r-release-linux-x86_64, r-release-macos-arm64, r-release-windows-x86_64, r-oldrel-macos-arm64, r-oldrel-macos-x86_64, r-oldrel-windows-x86_64