Last updated on 2025-11-06 12:51:28 CET.
| Flavor | Version | Tinstall | Tcheck | Ttotal | Status | Flags |
|---|---|---|---|---|---|---|
| r-devel-linux-x86_64-debian-clang | 0.1.0 | 5.41 | 62.72 | 68.13 | OK | |
| r-devel-linux-x86_64-debian-gcc | 0.1.0 | 3.49 | 43.89 | 47.38 | OK | |
| r-devel-linux-x86_64-fedora-clang | 0.2.0 | 62.00 | 82.35 | 144.35 | OK | |
| r-devel-linux-x86_64-fedora-gcc | 0.2.0 | 28.00 | 118.82 | 146.82 | OK | |
| r-devel-windows-x86_64 | 0.1.0 | 6.00 | 74.00 | 80.00 | OK | |
| r-patched-linux-x86_64 | 0.1.0 | 4.73 | 56.94 | 61.67 | OK | |
| r-release-linux-x86_64 | 0.1.0 | 5.32 | 57.04 | 62.36 | OK | |
| r-release-macos-arm64 | 0.2.0 | 3.00 | 62.00 | 65.00 | OK | |
| r-release-macos-x86_64 | 0.2.0 | 9.00 | 109.00 | 118.00 | OK | |
| r-release-windows-x86_64 | 0.1.0 | 6.00 | 73.00 | 79.00 | OK | |
| r-oldrel-macos-arm64 | 0.2.0 | 10.00 | ERROR | |||
| r-oldrel-macos-x86_64 | 0.2.0 | 13.00 | ERROR | |||
| r-oldrel-windows-x86_64 | 0.1.0 | 11.00 | 90.00 | 101.00 | OK |
Version: 0.2.0
Check: package dependencies
Result: ERROR
Package required and available but unsuitable version: ‘stats’
See section ‘The DESCRIPTION file’ in the ‘Writing R Extensions’
manual.
Flavors: r-oldrel-macos-arm64, r-oldrel-macos-x86_64