Last updated on 2025-05-10 13:49:47 CEST.
Flavor | Version | Tinstall | Tcheck | Ttotal | Status | Flags |
---|---|---|---|---|---|---|
r-devel-linux-x86_64-debian-clang | 0.1.1 | 4.86 | 45.20 | 50.06 | NOTE | |
r-devel-linux-x86_64-debian-gcc | 0.1.1 | 3.54 | 32.51 | 36.05 | NOTE | |
r-devel-linux-x86_64-fedora-clang | 0.1.1 | 85.94 | NOTE | |||
r-devel-linux-x86_64-fedora-gcc | 0.1.1 | 81.51 | NOTE | |||
r-devel-windows-x86_64 | 0.1.1 | 7.00 | 62.00 | 69.00 | OK | |
r-patched-linux-x86_64 | 0.1.1 | 5.02 | 43.50 | 48.52 | OK | |
r-release-linux-x86_64 | 0.1.1 | 5.17 | 43.50 | 48.67 | OK | |
r-release-macos-arm64 | 0.1.1 | 23.00 | OK | |||
r-release-macos-x86_64 | 0.1.1 | 41.00 | OK | |||
r-release-windows-x86_64 | 0.1.1 | 7.00 | 62.00 | 69.00 | OK | |
r-oldrel-macos-arm64 | 0.1.1 | 24.00 | OK | |||
r-oldrel-macos-x86_64 | 0.1.1 | 40.00 | OK | |||
r-oldrel-windows-x86_64 | 0.1.1 | 9.00 | 77.00 | 86.00 | OK |
Version: 0.1.1
Check: CRAN incoming feasibility
Result: NOTE
Maintainer: ‘Priyanga Dilini Talagala <pritalagala@gmail.com>’
The Description field contains
<arXiv:1908.04000> for detecting anomalies in high-dimensional data
Please refer to arXiv e-prints via their arXiv DOI <doi:10.48550/arXiv.YYMM.NNNNN>.
Flavors: r-devel-linux-x86_64-debian-clang, r-devel-linux-x86_64-debian-gcc
Version: 0.1.1
Check: dependencies in R code
Result: NOTE
Namespace in Imports field not imported from: ‘ks’
All declared Imports should be used.
Flavors: r-devel-linux-x86_64-fedora-clang, r-devel-linux-x86_64-fedora-gcc