Last updated on 2025-05-10 16:52:43 CEST.
Flavor | Version | Tinstall | Tcheck | Ttotal | Status | Flags |
---|---|---|---|---|---|---|
r-devel-linux-x86_64-debian-clang | 0.0.92 | 14.45 | 23.42 | 37.87 | OK | |
r-devel-linux-x86_64-debian-gcc | 0.0.92 | 10.63 | 19.05 | 29.68 | OK | |
r-devel-linux-x86_64-fedora-clang | 0.0.92 | 62.63 | OK | |||
r-devel-linux-x86_64-fedora-gcc | 0.0.92 | 64.51 | OK | |||
r-devel-windows-x86_64 | 0.0.92 | 25.00 | 140.00 | 165.00 | OK | |
r-patched-linux-x86_64 | 0.0.92 | 16.00 | 21.12 | 37.12 | OK | |
r-release-linux-x86_64 | 0.0.92 | 15.18 | 21.00 | 36.18 | OK | |
r-release-macos-arm64 | 0.0.92 | 25.00 | OK | |||
r-release-macos-x86_64 | 0.0.92 | 37.00 | OK | |||
r-release-windows-x86_64 | 0.0.92 | 27.00 | 138.00 | 165.00 | OK | |
r-oldrel-macos-arm64 | 0.0.92 | 24.00 | OK | |||
r-oldrel-macos-x86_64 | 0.0.92 | 54.00 | OK | |||
r-oldrel-windows-x86_64 | 0.0.92 | 23.00 | 170.00 | 193.00 | NOTE |
Version: 0.0.92
Check: installed package size
Result: NOTE
installed size is 11.3Mb
sub-directories of 1Mb or more:
libs 10.6Mb
Flavor: r-oldrel-windows-x86_64