Last updated on 2025-07-22 09:50:46 CEST.
Flavor | Version | Tinstall | Tcheck | Ttotal | Status | Flags |
---|---|---|---|---|---|---|
r-devel-linux-x86_64-debian-clang | 1.1.7 | 99.40 | 51.98 | 151.38 | OK | |
r-devel-linux-x86_64-debian-gcc | 1.1.7 | 78.62 | 40.67 | 119.29 | OK | |
r-devel-linux-x86_64-fedora-clang | 1.1.7 | 228.94 | OK | |||
r-devel-linux-x86_64-fedora-gcc | 1.1.7 | 256.35 | OK | |||
r-devel-windows-x86_64 | 1.1.7 | 97.00 | 92.00 | 189.00 | OK | |
r-patched-linux-x86_64 | 1.1.7 | 103.98 | 48.33 | 152.31 | OK | |
r-release-linux-x86_64 | 1.1.7 | 100.64 | 47.94 | 148.58 | OK | |
r-release-macos-arm64 | 1.1.7 | 69.00 | OK | |||
r-release-macos-x86_64 | 1.1.7 | 182.00 | OK | |||
r-release-windows-x86_64 | 1.1.7 | 104.00 | 100.00 | 204.00 | OK | |
r-oldrel-macos-arm64 | 1.1.7 | 94.00 | NOTE | |||
r-oldrel-macos-x86_64 | 1.1.7 | 196.00 | NOTE | |||
r-oldrel-windows-x86_64 | 1.1.7 | 124.00 | 116.00 | 240.00 | OK |
Version: 1.1.7
Check: installed package size
Result: NOTE
installed size is 10.2Mb
sub-directories of 1Mb or more:
libs 8.9Mb
Flavors: r-oldrel-macos-arm64, r-oldrel-macos-x86_64