Last updated on 2025-05-10 16:52:43 CEST.
Flavor | Version | Tinstall | Tcheck | Ttotal | Status | Flags |
---|---|---|---|---|---|---|
r-devel-linux-x86_64-debian-clang | 0.5.1 | 19.38 | 35.00 | 54.38 | OK | |
r-devel-linux-x86_64-debian-gcc | 0.5.1 | 13.29 | 27.13 | 40.42 | OK | |
r-devel-linux-x86_64-fedora-clang | 0.5.1 | 96.05 | NOTE | |||
r-devel-linux-x86_64-fedora-gcc | 0.5.1 | 91.74 | NOTE | |||
r-devel-windows-x86_64 | 0.5.1 | 23.00 | 66.00 | 89.00 | OK | |
r-patched-linux-x86_64 | 0.5.1 | 19.06 | 32.28 | 51.34 | OK | |
r-release-linux-x86_64 | 0.5.1 | 17.14 | 31.82 | 48.96 | OK | |
r-release-macos-arm64 | 0.5.1 | 27.00 | OK | |||
r-release-macos-x86_64 | 0.5.1 | 61.00 | OK | |||
r-release-windows-x86_64 | 0.5.1 | 23.00 | 66.00 | 89.00 | OK | |
r-oldrel-macos-arm64 | 0.5.1 | 32.00 | NOTE | |||
r-oldrel-macos-x86_64 | 0.5.1 | 63.00 | NOTE | |||
r-oldrel-windows-x86_64 | 0.5.1 | 24.00 | 81.00 | 105.00 | NOTE |
Version: 0.5.1
Check: compiled code
Result: NOTE
File ‘stlplus/libs/stlplus.so’:
Found no calls to: ‘R_registerRoutines’, ‘R_useDynamicSymbols’
It is good practice to register native routines and to disable symbol
search.
See ‘Writing portable packages’ in the ‘Writing R Extensions’ manual.
Flavors: r-devel-linux-x86_64-fedora-clang, r-devel-linux-x86_64-fedora-gcc
Version: 0.5.1
Check: LazyData
Result: NOTE
'LazyData' is specified without a 'data' directory
Flavors: r-oldrel-macos-arm64, r-oldrel-macos-x86_64, r-oldrel-windows-x86_64