Last updated on 2025-05-10 20:49:54 CEST.
Flavor | Version | Tinstall | Tcheck | Ttotal | Status | Flags |
---|---|---|---|---|---|---|
r-devel-linux-x86_64-debian-clang | 0.9.8 | 82.37 | 148.88 | 231.25 | OK | |
r-devel-linux-x86_64-debian-gcc | 0.9.8 | 75.54 | 93.79 | 169.33 | OK | |
r-devel-linux-x86_64-fedora-clang | 0.9.8 | 371.91 | OK | |||
r-devel-linux-x86_64-fedora-gcc | 0.9.8 | 452.33 | OK | |||
r-devel-windows-x86_64 | 0.9.8 | 83.00 | 170.00 | 253.00 | OK | |
r-patched-linux-x86_64 | 0.9.8 | 100.67 | 140.08 | 240.75 | OK | |
r-release-linux-x86_64 | 0.9.8 | 101.37 | 138.71 | 240.08 | OK | |
r-release-macos-arm64 | 0.9.8 | 89.00 | OK | |||
r-release-macos-x86_64 | 0.9.8 | 177.00 | OK | |||
r-release-windows-x86_64 | 0.9.8 | 90.00 | 168.00 | 258.00 | OK | |
r-oldrel-macos-arm64 | 0.9.8 | 91.00 | NOTE | |||
r-oldrel-macos-x86_64 | 0.9.8 | 191.00 | NOTE | |||
r-oldrel-windows-x86_64 | 0.9.8 | 83.00 | 233.00 | 316.00 | OK |
Version: 0.9.8
Check: installed package size
Result: NOTE
installed size is 25.5Mb
sub-directories of 1Mb or more:
libs 25.3Mb
Flavors: r-oldrel-macos-arm64, r-oldrel-macos-x86_64