Last updated on 2025-05-10 16:52:43 CEST.
Flavor | Version | Tinstall | Tcheck | Ttotal | Status | Flags |
---|---|---|---|---|---|---|
r-devel-linux-x86_64-debian-clang | 0.1.0 | 1.57 | 18.22 | 19.79 | NOTE | |
r-devel-linux-x86_64-debian-gcc | 0.1.0 | 1.35 | 14.81 | 16.16 | NOTE | |
r-devel-linux-x86_64-fedora-clang | 0.1.0 | 31.01 | OK | |||
r-devel-linux-x86_64-fedora-gcc | 0.1.0 | 29.20 | OK | |||
r-devel-windows-x86_64 | 0.1.0 | 2.00 | 40.00 | 42.00 | OK | |
r-patched-linux-x86_64 | 0.1.0 | 1.50 | 17.55 | 19.05 | OK | |
r-release-linux-x86_64 | 0.1.0 | 1.62 | 17.38 | 19.00 | OK | |
r-release-macos-arm64 | 0.1.0 | 16.00 | OK | |||
r-release-macos-x86_64 | 0.1.0 | 32.00 | OK | |||
r-release-windows-x86_64 | 0.1.0 | 3.00 | 42.00 | 45.00 | OK | |
r-oldrel-macos-arm64 | 0.1.0 | 14.00 | OK | |||
r-oldrel-macos-x86_64 | 0.1.0 | 22.00 | OK | |||
r-oldrel-windows-x86_64 | 0.1.0 | 2.00 | 45.00 | 47.00 | OK |
Version: 0.1.0
Check: CRAN incoming feasibility
Result: NOTE
Maintainer: ‘Brett Naul <brettnaul@gmail.com>’
No Authors@R field in DESCRIPTION.
Please add one, modifying
Authors@R: person(given = "Brett",
family = "Naul",
role = c("aut", "cre"),
email = "brettnaul@gmail.com")
as necessary.
Flavors: r-devel-linux-x86_64-debian-clang, r-devel-linux-x86_64-debian-gcc