CRAN Package Check Results for Package statquotes

Last updated on 2025-05-10 16:52:43 CEST.

Flavor Version Tinstall Tcheck Ttotal Status Flags
r-devel-linux-x86_64-debian-clang 0.3.2 9.48 84.31 93.79 NOTE
r-devel-linux-x86_64-debian-gcc 0.3.2 6.15 62.05 68.20 NOTE
r-devel-linux-x86_64-fedora-clang 0.3.2 151.37 NOTE
r-devel-linux-x86_64-fedora-gcc 0.3.2 155.96 NOTE
r-devel-windows-x86_64 0.3.2 10.00 93.00 103.00 NOTE
r-patched-linux-x86_64 0.3.2 8.16 80.41 88.57 NOTE
r-release-linux-x86_64 0.3.2 7.91 80.66 88.57 NOTE
r-release-macos-arm64 0.3.2 50.00 NOTE
r-release-macos-x86_64 0.3.2 98.00 NOTE
r-release-windows-x86_64 0.3.2 11.00 92.00 103.00 NOTE
r-oldrel-macos-arm64 0.3.2 45.00 OK
r-oldrel-macos-x86_64 0.3.2 76.00 OK
r-oldrel-windows-x86_64 0.3.2 13.00 116.00 129.00 OK

Check Details

Version: 0.3.2
Check: DESCRIPTION meta-information
Result: NOTE Missing dependency on R >= 4.1.0 because package code uses the pipe |> or function shorthand \(...) syntax added in R 4.1.0. File(s) using such syntax: ‘quote_tags.Rd’ Flavors: r-devel-linux-x86_64-debian-clang, r-devel-linux-x86_64-debian-gcc, r-devel-linux-x86_64-fedora-clang, r-devel-linux-x86_64-fedora-gcc, r-devel-windows-x86_64, r-patched-linux-x86_64, r-release-linux-x86_64, r-release-macos-arm64, r-release-macos-x86_64, r-release-windows-x86_64

Version: 0.3.2
Check: Rd cross-references
Result: NOTE Found the following Rd file(s) with Rd \link{} targets missing package anchors: quote_cloud.Rd: wordcloud Please provide package anchors for all Rd \link{} targets not in the package itself and the base packages. Flavors: r-devel-linux-x86_64-debian-clang, r-devel-linux-x86_64-debian-gcc, r-devel-windows-x86_64, r-patched-linux-x86_64, r-release-linux-x86_64, r-release-windows-x86_64