Last updated on 2025-07-28 09:50:16 CEST.
Flavor | Version | Tinstall | Tcheck | Ttotal | Status | Flags |
---|---|---|---|---|---|---|
r-devel-linux-x86_64-debian-clang | 0.1.2 | 9.18 | 63.56 | 72.74 | NOTE | |
r-devel-linux-x86_64-debian-gcc | 0.1.2 | 5.17 | 44.45 | 49.62 | NOTE | |
r-devel-linux-x86_64-fedora-clang | 0.1.2 | 112.75 | NOTE | |||
r-devel-linux-x86_64-fedora-gcc | 0.1.2 | 101.42 | NOTE | |||
r-devel-windows-x86_64 | 0.1.2 | 11.00 | 82.00 | 93.00 | NOTE | |
r-patched-linux-x86_64 | 0.1.2 | 9.26 | 56.02 | 65.28 | NOTE | |
r-release-linux-x86_64 | 0.1.2 | 9.05 | 56.45 | 65.50 | NOTE | |
r-release-macos-arm64 | 0.1.2 | 28.00 | NOTE | |||
r-release-macos-x86_64 | 0.1.2 | 52.00 | NOTE | |||
r-release-windows-x86_64 | 0.1.2 | 12.00 | 71.00 | 83.00 | NOTE | |
r-oldrel-macos-arm64 | 0.1.2 | 27.00 | OK | |||
r-oldrel-macos-x86_64 | 0.1.2 | 43.00 | OK | |||
r-oldrel-windows-x86_64 | 0.1.2 | 14.00 | 93.00 | 107.00 | OK |
Version: 0.1.2
Check: DESCRIPTION meta-information
Result: NOTE
Missing dependency on R >= 4.1.0 because package code uses the pipe
|> or function shorthand \(...) syntax added in R 4.1.0.
File(s) using such syntax:
‘stat_frequency.R’
Flavors: r-devel-linux-x86_64-debian-clang, r-devel-linux-x86_64-debian-gcc, r-devel-linux-x86_64-fedora-clang, r-devel-linux-x86_64-fedora-gcc, r-devel-windows-x86_64, r-patched-linux-x86_64, r-release-linux-x86_64, r-release-macos-arm64, r-release-macos-x86_64, r-release-windows-x86_64