Last updated on 2025-07-18 08:51:18 CEST.
Flavor | Version | Tinstall | Tcheck | Ttotal | Status | Flags |
---|---|---|---|---|---|---|
r-devel-linux-x86_64-debian-clang | 1.1-2 | 3.28 | 29.94 | 33.22 | NOTE | |
r-devel-linux-x86_64-debian-gcc | 1.1-2 | 2.24 | 23.11 | 25.35 | NOTE | |
r-devel-linux-x86_64-fedora-clang | 1.1-2 | 51.82 | OK | |||
r-devel-linux-x86_64-fedora-gcc | 1.1-2 | 61.55 | OK | |||
r-devel-windows-x86_64 | 1.1-2 | 4.00 | 52.00 | 56.00 | OK | |
r-patched-linux-x86_64 | 1.1-2 | 3.63 | 28.15 | 31.78 | OK | |
r-release-linux-x86_64 | 1.1-2 | 3.18 | 28.49 | 31.67 | OK | |
r-release-macos-arm64 | 1.1-2 | 33.00 | OK | |||
r-release-macos-x86_64 | 1.1-2 | 43.00 | OK | |||
r-release-windows-x86_64 | 1.1-2 | 4.00 | 51.00 | 55.00 | OK | |
r-oldrel-macos-arm64 | 1.1-2 | 23.00 | OK | |||
r-oldrel-macos-x86_64 | 1.1-2 | 35.00 | OK | |||
r-oldrel-windows-x86_64 | 1.1-2 | 5.00 | 56.00 | 61.00 | OK |
Version: 1.1-2
Check: CRAN incoming feasibility
Result: NOTE
Maintainer: ‘David Nutter <david.nutter@bioss.ac.uk>’
No Authors@R field in DESCRIPTION.
Please add one, modifying
Authors@R: c(person(given = "Helen",
family = "Kettle",
role = "aut"),
person(given = "David",
family = "Nutter",
role = "cre",
email = "david.nutter@bioss.ac.uk"))
as necessary.
Flavors: r-devel-linux-x86_64-debian-clang, r-devel-linux-x86_64-debian-gcc