Last updated on 2025-05-10 16:52:43 CEST.
Flavor | Version | Tinstall | Tcheck | Ttotal | Status | Flags |
---|---|---|---|---|---|---|
r-devel-linux-x86_64-debian-clang | 0.1.1 | 2.25 | 69.68 | 71.93 | OK | |
r-devel-linux-x86_64-debian-gcc | 0.1.1 | 1.77 | 49.91 | 51.68 | OK | |
r-devel-linux-x86_64-fedora-clang | 0.1.1 | 117.11 | NOTE | |||
r-devel-linux-x86_64-fedora-gcc | 0.1.1 | 128.98 | NOTE | |||
r-devel-windows-x86_64 | 0.1.1 | 4.00 | 80.00 | 84.00 | OK | |
r-patched-linux-x86_64 | 0.1.1 | 2.53 | 67.71 | 70.24 | OK | |
r-release-linux-x86_64 | 0.1.1 | 2.23 | 65.65 | 67.88 | OK | |
r-release-macos-arm64 | 0.1.1 | 41.00 | OK | |||
r-release-macos-x86_64 | 0.1.1 | 71.00 | OK | |||
r-release-windows-x86_64 | 0.1.1 | 4.00 | 82.00 | 86.00 | OK | |
r-oldrel-macos-arm64 | 0.1.1 | 37.00 | OK | |||
r-oldrel-macos-x86_64 | 0.1.1 | 58.00 | OK | |||
r-oldrel-windows-x86_64 | 0.1.1 | 5.00 | 105.00 | 110.00 | OK |
Version: 0.1.1
Check: dependencies in R code
Result: NOTE
Namespace in Imports field not imported from: ‘e1071’
All declared Imports should be used.
Flavors: r-devel-linux-x86_64-fedora-clang, r-devel-linux-x86_64-fedora-gcc