Last updated on 2025-05-10 20:49:54 CEST.
Flavor | Version | Tinstall | Tcheck | Ttotal | Status | Flags |
---|---|---|---|---|---|---|
r-devel-linux-x86_64-debian-clang | 1.0.3 | 16.20 | 148.39 | 164.59 | NOTE | |
r-devel-linux-x86_64-debian-gcc | 1.0.3 | 11.67 | 106.50 | 118.17 | NOTE | |
r-devel-linux-x86_64-fedora-clang | 1.0.3 | 271.87 | OK | |||
r-devel-linux-x86_64-fedora-gcc | 1.0.3 | 283.57 | OK | |||
r-devel-windows-x86_64 | 1.0.3 | 19.00 | 162.00 | 181.00 | OK | |
r-patched-linux-x86_64 | 1.0.3 | 19.51 | 138.75 | 158.26 | OK | |
r-release-linux-x86_64 | 1.0.3 | 16.45 | 140.26 | 156.71 | OK | |
r-release-macos-arm64 | 1.0.3 | 72.00 | OK | |||
r-release-macos-x86_64 | 1.0.3 | 139.00 | OK | |||
r-release-windows-x86_64 | 1.0.3 | 18.00 | 162.00 | 180.00 | OK | |
r-oldrel-macos-arm64 | 1.0.3 | 76.00 | OK | |||
r-oldrel-macos-x86_64 | 1.0.3 | 113.00 | OK | |||
r-oldrel-windows-x86_64 | 1.0.3 | 25.00 | 213.00 | 238.00 | OK |
Version: 1.0.3
Check: CRAN incoming feasibility
Result: NOTE
Maintainer: ‘Kelli F. Johnson <kelli.johnson@noaa.gov>’
Package CITATION file contains call(s) to old-style personList() or
as.personList(). Please use c() on person objects instead.
Package CITATION file contains call(s) to old-style citEntry(). Please
use bibentry() instead.
Flavors: r-devel-linux-x86_64-debian-clang, r-devel-linux-x86_64-debian-gcc