CRAN Package Check Results for Package splash

Last updated on 2025-07-22 20:51:17 CEST.

Flavor Version Tinstall Tcheck Ttotal Status Flags
r-devel-linux-x86_64-debian-clang 1.0.2 2.16 23.19 25.35 NOTE
r-devel-linux-x86_64-debian-gcc 1.0.2 1.94 18.96 20.90 NOTE
r-devel-linux-x86_64-fedora-clang 1.0.2 37.01 OK
r-devel-linux-x86_64-fedora-gcc 1.0.2 37.67 OK
r-devel-windows-x86_64 1.0.2 3.00 41.00 44.00 OK
r-patched-linux-x86_64 1.0.2 2.55 20.59 23.14 OK
r-release-linux-x86_64 1.0.2 2.45 20.57 23.02 OK
r-release-macos-arm64 1.0.2 15.00 OK
r-release-macos-x86_64 1.0.2 23.00 OK
r-release-windows-x86_64 1.0.2 3.00 49.00 52.00 OK
r-oldrel-macos-arm64 1.0.2 15.00 OK
r-oldrel-macos-x86_64 1.0.2 21.00 OK
r-oldrel-windows-x86_64 1.0.2 3.00 40.00 43.00 OK

Check Details

Version: 1.0.2
Check: CRAN incoming feasibility
Result: NOTE Maintainer: ‘Roberto Villegas-Diaz <r.villegas-diaz@outlook.com>’ Package CITATION file contains call(s) to old-style citEntry(). Please use bibentry() instead. Flavors: r-devel-linux-x86_64-debian-clang, r-devel-linux-x86_64-debian-gcc