Last updated on 2025-10-16 21:49:59 CEST.
Flavor | Version | Tinstall | Tcheck | Ttotal | Status | Flags |
---|---|---|---|---|---|---|
r-devel-linux-x86_64-debian-clang | 1.1.0 | 14.85 | 1360.66 | 1375.51 | OK | |
r-devel-linux-x86_64-debian-gcc | 1.1.0 | 19.02 | 1207.17 | 1226.19 | OK | |
r-devel-linux-x86_64-fedora-clang | 1.1.0 | 1656.49 | OK | |||
r-devel-linux-x86_64-fedora-gcc | 1.1.0 | 1244.36 | OK | |||
r-devel-windows-x86_64 | 1.1.0 | 17.00 | 143.00 | 160.00 | ERROR | |
r-patched-linux-x86_64 | 1.1.0 | 14.80 | 1180.02 | 1194.82 | OK | |
r-release-linux-x86_64 | 1.1.0 | 13.69 | 1193.48 | 1207.17 | OK | |
r-release-macos-arm64 | 1.1.0 | 280.00 | OK | |||
r-release-macos-x86_64 | 1.1.0 | 70.00 | OK | |||
r-release-windows-x86_64 | 1.1.0 | 19.00 | 133.00 | 152.00 | ERROR | |
r-oldrel-macos-arm64 | 1.1.0 | 44.00 | OK | |||
r-oldrel-macos-x86_64 | 1.1.0 | 73.00 | OK | |||
r-oldrel-windows-x86_64 | 1.1.0 | 24.00 | 155.00 | 179.00 | ERROR |
Version: 1.1.0
Check: tests
Result: ERROR
Running 'testthat.R' [5s]
Running the tests in 'tests/testthat.R' failed.
Complete output:
> # This file is part of the standard setup for testthat.
> # It is recommended that you do not modify it.
> #
> # Where should you do additional test configuration?
> # Learn more about the roles of various files in:
> # * https://r-pkgs.org/tests.html
> # * https://testthat.r-lib.org/reference/test_package.html#special-files
>
> library(testthat)
> library(spinner)
>
> test_check("spinner")
Flavor: r-devel-windows-x86_64
Version: 1.1.0
Check: tests
Result: ERROR
Running 'testthat.R' [7s]
Running the tests in 'tests/testthat.R' failed.
Complete output:
> # This file is part of the standard setup for testthat.
> # It is recommended that you do not modify it.
> #
> # Where should you do additional test configuration?
> # Learn more about the roles of various files in:
> # * https://r-pkgs.org/tests.html
> # * https://testthat.r-lib.org/reference/test_package.html#special-files
>
> library(testthat)
> library(spinner)
>
> test_check("spinner")
Flavor: r-release-windows-x86_64
Version: 1.1.0
Check: tests
Result: ERROR
Running 'testthat.R' [12s]
Running the tests in 'tests/testthat.R' failed.
Complete output:
> # This file is part of the standard setup for testthat.
> # It is recommended that you do not modify it.
> #
> # Where should you do additional test configuration?
> # Learn more about the roles of various files in:
> # * https://r-pkgs.org/tests.html
> # * https://testthat.r-lib.org/reference/test_package.html#special-files
>
> library(testthat)
> library(spinner)
>
> test_check("spinner")
Flavor: r-oldrel-windows-x86_64