Last updated on 2025-05-10 20:49:54 CEST.
Flavor | Version | Tinstall | Tcheck | Ttotal | Status | Flags |
---|---|---|---|---|---|---|
r-devel-linux-x86_64-debian-clang | 1.0.4 | 50.85 | 201.35 | 252.20 | NOTE | |
r-devel-linux-x86_64-debian-gcc | 1.0.4 | 33.21 | 148.16 | 181.37 | NOTE | |
r-devel-linux-x86_64-fedora-clang | 1.0.4 | 431.99 | NOTE | |||
r-devel-linux-x86_64-fedora-gcc | 1.0.4 | 381.73 | NOTE | |||
r-devel-windows-x86_64 | 1.0.4 | 51.00 | 189.00 | 240.00 | NOTE | |
r-patched-linux-x86_64 | 1.0.4 | 44.61 | 188.07 | 232.68 | NOTE | |
r-release-linux-x86_64 | 1.0.4 | 47.36 | 190.27 | 237.63 | NOTE | |
r-release-macos-arm64 | 1.0.4 | 101.00 | NOTE | |||
r-release-macos-x86_64 | 1.0.4 | 207.00 | NOTE | |||
r-release-windows-x86_64 | 1.0.4 | 51.00 | 197.00 | 248.00 | NOTE | |
r-oldrel-macos-arm64 | 1.0.4 | 101.00 | OK | |||
r-oldrel-macos-x86_64 | 1.0.4 | 165.00 | OK | |||
r-oldrel-windows-x86_64 | 1.0.4 | 66.00 | 253.00 | 319.00 | OK |
Version: 1.0.4
Check: DESCRIPTION meta-information
Result: NOTE
Missing dependency on R >= 4.1.0 because package code uses the pipe
|> or function shorthand \(...) syntax added in R 4.1.0.
File(s) using such syntax:
‘import_qiime2_tax_table.R’ ‘import_sintax_tax_table.R’
Flavors: r-devel-linux-x86_64-debian-clang, r-devel-linux-x86_64-debian-gcc, r-devel-linux-x86_64-fedora-clang, r-devel-linux-x86_64-fedora-gcc, r-devel-windows-x86_64, r-patched-linux-x86_64, r-release-linux-x86_64, r-release-macos-arm64, r-release-macos-x86_64, r-release-windows-x86_64