Last updated on 2025-05-10 13:49:47 CEST.
Flavor | Version | Tinstall | Tcheck | Ttotal | Status | Flags |
---|---|---|---|---|---|---|
r-devel-linux-x86_64-debian-clang | 2.0-1 | 3.66 | 25.24 | 28.90 | NOTE | |
r-devel-linux-x86_64-debian-gcc | 2.0-1 | 3.30 | 19.95 | 23.25 | NOTE | |
r-devel-linux-x86_64-fedora-clang | 2.0-1 | 46.52 | OK | |||
r-devel-linux-x86_64-fedora-gcc | 2.0-1 | 44.17 | OK | |||
r-devel-windows-x86_64 | 2.0-1 | 5.00 | 45.00 | 50.00 | OK | |
r-patched-linux-x86_64 | 2.0-1 | 4.14 | 24.68 | 28.82 | OK | |
r-release-linux-x86_64 | 2.0-1 | 3.38 | 24.46 | 27.84 | OK | |
r-release-macos-arm64 | 2.0-1 | 27.00 | OK | |||
r-release-macos-x86_64 | 2.0-1 | 30.00 | OK | |||
r-release-windows-x86_64 | 2.0-1 | 4.00 | 46.00 | 50.00 | OK | |
r-oldrel-macos-arm64 | 2.0-1 | 27.00 | OK | |||
r-oldrel-macos-x86_64 | 2.0-1 | 25.00 | OK | |||
r-oldrel-windows-x86_64 | 2.0-1 | 6.00 | 50.00 | 56.00 | OK |
Version: 2.0-1
Check: CRAN incoming feasibility
Result: NOTE
Maintainer: ‘Alexios Ghalanos <alexios@4dscape.com>’
No Authors@R field in DESCRIPTION.
Please add one, modifying
Authors@R: person(given = "Alexios",
family = "Ghalanos",
role = c("aut", "cre"),
email = "alexios@4dscape.com")
as necessary.
Package CITATION file contains call(s) to old-style personList() or
as.personList(). Please use c() on person objects instead.
Package CITATION file contains call(s) to old-style citEntry(). Please
use bibentry() instead.
Flavors: r-devel-linux-x86_64-debian-clang, r-devel-linux-x86_64-debian-gcc