Last updated on 2025-05-10 16:52:42 CEST.
Flavor | Version | Tinstall | Tcheck | Ttotal | Status | Flags |
---|---|---|---|---|---|---|
r-devel-linux-x86_64-debian-clang | 1.7.5 | 7.52 | 59.59 | 67.11 | NOTE | |
r-devel-linux-x86_64-debian-gcc | 1.7.5 | 5.14 | 43.18 | 48.32 | NOTE | |
r-devel-linux-x86_64-fedora-clang | 1.7.5 | 111.25 | OK | |||
r-devel-linux-x86_64-fedora-gcc | 1.7.5 | 120.75 | OK | |||
r-devel-windows-x86_64 | 1.7.5 | 15.00 | 99.00 | 114.00 | OK | |
r-patched-linux-x86_64 | 1.7.5 | 7.42 | 56.71 | 64.13 | OK | |
r-release-linux-x86_64 | 1.7.5 | 6.37 | 57.01 | 63.38 | OK | |
r-release-macos-arm64 | 1.7.5 | 44.00 | OK | |||
r-release-macos-x86_64 | 1.7.5 | 89.00 | OK | |||
r-release-windows-x86_64 | 1.7.5 | 14.00 | 103.00 | 117.00 | OK | |
r-oldrel-macos-arm64 | 1.7.5 | 40.00 | OK | |||
r-oldrel-macos-x86_64 | 1.7.5 | 78.00 | OK | |||
r-oldrel-windows-x86_64 | 1.7.5 | 16.00 | 108.00 | 124.00 | OK |
Version: 1.7.5
Check: CRAN incoming feasibility
Result: NOTE
Maintainer: ‘Fabio Sigrist <fabiosigrist@gmail.com>’
No Authors@R field in DESCRIPTION.
Please add one, modifying
Authors@R: c(person(given = "Fabio",
family = "Sigrist",
role = c("aut", "cre"),
email = "fabiosigrist@gmail.com"),
person(given = c("Hans", "R."),
family = "Kuensch",
role = "aut"),
person(given = c("Werner", "A."),
family = "Stahel",
role = "aut"))
as necessary.
Flavors: r-devel-linux-x86_64-debian-clang, r-devel-linux-x86_64-debian-gcc