Last updated on 2025-07-22 09:50:46 CEST.
Flavor | Version | Tinstall | Tcheck | Ttotal | Status | Flags |
---|---|---|---|---|---|---|
r-devel-linux-x86_64-debian-clang | 0.4.0 | 21.62 | 25.40 | 47.02 | OK | |
r-devel-linux-x86_64-debian-gcc | 0.4.0 | 16.38 | 21.03 | 37.41 | OK | |
r-devel-linux-x86_64-fedora-clang | 0.4.0 | 81.42 | OK | |||
r-devel-linux-x86_64-fedora-gcc | 0.4.0 | 78.74 | OK | |||
r-devel-windows-x86_64 | 0.4.0 | 31.00 | 65.00 | 96.00 | OK | |
r-patched-linux-x86_64 | 0.4.0 | 21.52 | 24.60 | 46.12 | OK | |
r-release-linux-x86_64 | 0.4.0 | 23.70 | 24.14 | 47.84 | OK | |
r-release-macos-arm64 | 0.4.0 | 29.00 | OK | |||
r-release-macos-x86_64 | 0.4.0 | 48.00 | OK | |||
r-release-windows-x86_64 | 0.4.0 | 35.00 | 66.00 | 101.00 | OK | |
r-oldrel-macos-arm64 | 0.4.0 | 42.00 | NOTE | |||
r-oldrel-macos-x86_64 | 0.4.0 | 71.00 | NOTE | |||
r-oldrel-windows-x86_64 | 0.4.0 | 39.00 | 76.00 | 115.00 | NOTE |
Version: 0.4.0
Check: installed package size
Result: NOTE
installed size is 15.8Mb
sub-directories of 1Mb or more:
include 10.1Mb
libs 5.6Mb
Flavors: r-oldrel-macos-arm64, r-oldrel-macos-x86_64, r-oldrel-windows-x86_64