CRAN Package Check Results for Package spThin

Last updated on 2025-07-22 20:51:17 CEST.

Flavor Version Tinstall Tcheck Ttotal Status Flags
r-devel-linux-x86_64-debian-clang 0.2.0 4.73 41.95 46.68 NOTE
r-devel-linux-x86_64-debian-gcc 0.2.0 4.30 32.34 36.64 NOTE
r-devel-linux-x86_64-fedora-clang 0.2.0 73.62 OK
r-devel-linux-x86_64-fedora-gcc 0.2.0 91.03 OK
r-devel-windows-x86_64 0.2.0 6.00 75.00 81.00 OK
r-patched-linux-x86_64 0.2.0 4.76 40.19 44.95 OK
r-release-linux-x86_64 0.2.0 4.24 39.65 43.89 OK
r-release-macos-arm64 0.2.0 40.00 OK
r-release-macos-x86_64 0.2.0 64.00 OK
r-release-windows-x86_64 0.2.0 6.00 60.00 66.00 OK
r-oldrel-macos-arm64 0.2.0 30.00 OK
r-oldrel-macos-x86_64 0.2.0 49.00 OK
r-oldrel-windows-x86_64 0.2.0 8.00 67.00 75.00 OK

Check Details

Version: 0.2.0
Check: CRAN incoming feasibility
Result: NOTE Maintainer: ‘Matthew E. Aiello-Lammens <matt.lammens@gmail.com>’ Package CITATION file contains call(s) to old-style personList() or as.personList(). Please use c() on person objects instead. Package CITATION file contains call(s) to old-style citEntry(). Please use bibentry() instead. Flavors: r-devel-linux-x86_64-debian-clang, r-devel-linux-x86_64-debian-gcc