Last updated on 2025-05-10 16:52:42 CEST.
Flavor | Version | Tinstall | Tcheck | Ttotal | Status | Flags |
---|---|---|---|---|---|---|
r-devel-linux-x86_64-debian-clang | 1.3 | 157.09 | 227.96 | 385.05 | NOTE | |
r-devel-linux-x86_64-debian-gcc | 1.3 | 110.87 | 176.54 | 287.41 | NOTE | |
r-devel-linux-x86_64-fedora-clang | 1.3 | 652.08 | OK | |||
r-devel-linux-x86_64-fedora-gcc | 1.3 | 669.64 | OK | |||
r-devel-windows-x86_64 | 1.3 | 186.00 | 242.00 | 428.00 | OK | |
r-patched-linux-x86_64 | 1.3 | 160.86 | 210.89 | 371.75 | OK | |
r-release-linux-x86_64 | 1.3 | 149.02 | 209.47 | 358.49 | OK | |
r-release-macos-arm64 | 1.3 | 308.00 | OK | |||
r-release-macos-x86_64 | 1.3 | 333.00 | OK | |||
r-release-windows-x86_64 | 1.3 | 184.00 | 240.00 | 424.00 | OK | |
r-oldrel-macos-arm64 | 1.3 | 233.00 | NOTE | |||
r-oldrel-macos-x86_64 | 1.3 | 306.00 | NOTE | |||
r-oldrel-windows-x86_64 | 1.3 | 215.00 | 386.00 | 601.00 | OK |
Version: 1.3
Check: CRAN incoming feasibility
Result: NOTE
Maintainer: ‘Samuel I. Berchuck <sib2@duke.edu>’
The Description field contains
visual field data", <arXiv:1811.11038>.
Please refer to arXiv e-prints via their arXiv DOI <doi:10.48550/arXiv.YYMM.NNNNN>.
Flavors: r-devel-linux-x86_64-debian-clang, r-devel-linux-x86_64-debian-gcc
Version: 1.3
Check: installed package size
Result: NOTE
installed size is 8.8Mb
sub-directories of 1Mb or more:
libs 8.1Mb
Flavors: r-oldrel-macos-arm64, r-oldrel-macos-x86_64