Last updated on 2025-05-10 20:49:54 CEST.
Flavor | Version | Tinstall | Tcheck | Ttotal | Status | Flags |
---|---|---|---|---|---|---|
r-devel-linux-x86_64-debian-clang | 1.3.3 | 10.81 | 89.90 | 100.71 | NOTE | |
r-devel-linux-x86_64-debian-gcc | 1.3.3 | 7.94 | 65.78 | 73.72 | NOTE | |
r-devel-linux-x86_64-fedora-clang | 1.3.3 | 158.59 | OK | |||
r-devel-linux-x86_64-fedora-gcc | 1.3.3 | 178.07 | OK | |||
r-devel-windows-x86_64 | 1.3.3 | 11.00 | 95.00 | 106.00 | OK | |
r-patched-linux-x86_64 | 1.3.3 | 9.52 | 85.52 | 95.04 | OK | |
r-release-linux-x86_64 | 1.3.3 | 9.80 | 84.58 | 94.38 | OK | |
r-release-macos-arm64 | 1.3.3 | 65.00 | OK | |||
r-release-macos-x86_64 | 1.3.3 | 109.00 | OK | |||
r-release-windows-x86_64 | 1.3.3 | 11.00 | 94.00 | 105.00 | OK | |
r-oldrel-macos-arm64 | 1.3.3 | 55.00 | OK | |||
r-oldrel-macos-x86_64 | 1.3.3 | 87.00 | OK | |||
r-oldrel-windows-x86_64 | 1.3.3 | 14.00 | 115.00 | 129.00 | OK |
Version: 1.3.3
Check: CRAN incoming feasibility
Result: NOTE
Maintainer: ‘Luis J. Villanueva-Rivera <ljvillanueva@coquipr.com>’
No Authors@R field in DESCRIPTION.
Please add one, modifying
Authors@R: c(person(given = c("Luis", "J."),
family = "Villanueva-Rivera",
role = c("aut", "cre"),
email = "ljvillanueva@coquipr.com"),
person(given = c("Bryan", "C."),
family = "Pijanowski",
role = "aut"))
as necessary.
Flavors: r-devel-linux-x86_64-debian-clang, r-devel-linux-x86_64-debian-gcc