Last updated on 2025-05-10 16:52:42 CEST.
Flavor | Version | Tinstall | Tcheck | Ttotal | Status | Flags |
---|---|---|---|---|---|---|
r-devel-linux-x86_64-debian-clang | 4.4.1 | 97.47 | 120.20 | 217.67 | OK | --no-vignettes |
r-devel-linux-x86_64-debian-gcc | 4.4.1 | 70.52 | 84.30 | 154.82 | OK | --no-vignettes |
r-devel-linux-x86_64-fedora-clang | 4.4.1 | 338.53 | OK | |||
r-devel-linux-x86_64-fedora-gcc | 4.4.1 | 534.70 | OK | |||
r-devel-windows-x86_64 | 4.4.1 | 99.00 | 163.00 | 262.00 | OK | --no-vignettes |
r-patched-linux-x86_64 | 4.4.1 | 98.67 | 113.56 | 212.23 | OK | --no-vignettes |
r-release-linux-x86_64 | 4.4.1 | 96.04 | 114.82 | 210.86 | OK | --no-vignettes |
r-release-macos-arm64 | 4.4.1 | 151.00 | OK | |||
r-release-macos-x86_64 | 4.4.1 | 328.00 | OK | |||
r-release-windows-x86_64 | 4.4.1 | 95.00 | 169.00 | 264.00 | OK | --no-vignettes |
r-oldrel-macos-arm64 | 4.4.1 | 163.00 | NOTE | |||
r-oldrel-macos-x86_64 | 4.4.1 | 346.00 | NOTE | |||
r-oldrel-windows-x86_64 | 4.4.1 | 117.00 | 181.00 | 298.00 | NOTE | --no-vignettes |
Version: 4.4.1
Check: installed package size
Result: NOTE
installed size is 16.1Mb
sub-directories of 1Mb or more:
data 3.7Mb
libs 11.1Mb
Flavors: r-oldrel-macos-arm64, r-oldrel-macos-x86_64
Version: 4.4.1
Flags: --no-vignettes
Check: installed package size
Result: NOTE
installed size is 6.0Mb
sub-directories of 1Mb or more:
data 2.9Mb
libs 1.8Mb
Flavor: r-oldrel-windows-x86_64