Last updated on 2025-05-10 12:49:55 CEST.
Flavor | Version | Tinstall | Tcheck | Ttotal | Status | Flags |
---|---|---|---|---|---|---|
r-devel-linux-x86_64-debian-clang | 1.2.0 | 8.27 | 68.90 | 77.17 | NOTE | |
r-devel-linux-x86_64-debian-gcc | 1.2.0 | 6.03 | 49.60 | 55.63 | NOTE | |
r-devel-linux-x86_64-fedora-clang | 1.2.0 | 117.72 | NOTE | |||
r-devel-linux-x86_64-fedora-gcc | 1.2.0 | 123.94 | NOTE | |||
r-devel-windows-x86_64 | 1.2.0 | 9.00 | 124.00 | 133.00 | NOTE | |
r-patched-linux-x86_64 | 1.2.0 | 8.14 | 63.14 | 71.28 | NOTE | |
r-release-linux-x86_64 | 1.2.0 | 8.28 | 62.36 | 70.64 | NOTE | |
r-release-macos-arm64 | 1.2.0 | 54.00 | NOTE | |||
r-release-macos-x86_64 | 1.2.0 | 69.00 | NOTE | |||
r-release-windows-x86_64 | 1.2.0 | 10.00 | 124.00 | 134.00 | NOTE | |
r-oldrel-macos-arm64 | 1.2.0 | 46.00 | NOTE | |||
r-oldrel-macos-x86_64 | 1.2.0 | 64.00 | NOTE | |||
r-oldrel-windows-x86_64 | 1.2.0 | 13.00 | 139.00 | 152.00 | NOTE |
Version: 1.2.0
Check: Rd files
Result: NOTE
checkRd: (-1) solr_mlt.Rd:70: Lost braces; missing escapes or markup?
70 | TermVector DEFAULT_FIELD_NAMES = new String[] {"contents"}
| ^
Flavors: r-devel-linux-x86_64-debian-clang, r-devel-linux-x86_64-debian-gcc, r-devel-linux-x86_64-fedora-clang, r-devel-linux-x86_64-fedora-gcc, r-devel-windows-x86_64, r-patched-linux-x86_64, r-release-linux-x86_64, r-release-macos-arm64, r-release-macos-x86_64, r-release-windows-x86_64, r-oldrel-macos-arm64, r-oldrel-macos-x86_64, r-oldrel-windows-x86_64