Last updated on 2025-07-21 09:50:07 CEST.
Flavor | Version | Tinstall | Tcheck | Ttotal | Status | Flags |
---|---|---|---|---|---|---|
r-devel-linux-x86_64-debian-clang | 0.1-7 | 13.25 | 102.52 | 115.77 | NOTE | |
r-devel-linux-x86_64-debian-gcc | 0.1-7 | 11.20 | 68.59 | 79.79 | NOTE | |
r-devel-linux-x86_64-fedora-clang | 0.1-7 | 187.93 | OK | |||
r-devel-linux-x86_64-fedora-gcc | 0.1-7 | 170.73 | OK | |||
r-devel-windows-x86_64 | 0.1-7 | 14.00 | 102.00 | 116.00 | NOTE | |
r-patched-linux-x86_64 | 0.1-7 | 13.82 | 96.23 | 110.05 | NOTE | |
r-release-linux-x86_64 | 0.1-7 | 12.17 | 97.43 | 109.60 | NOTE | |
r-release-macos-arm64 | 0.1-7 | 48.00 | OK | |||
r-release-macos-x86_64 | 0.1-7 | 93.00 | OK | |||
r-release-windows-x86_64 | 0.1-7 | 14.00 | 101.00 | 115.00 | NOTE | |
r-oldrel-macos-arm64 | 0.1-7 | 45.00 | OK | |||
r-oldrel-macos-x86_64 | 0.1-7 | 70.00 | OK | |||
r-oldrel-windows-x86_64 | 0.1-7 | 20.00 | 130.00 | 150.00 | OK |
Version: 0.1-7
Check: Rd cross-references
Result: NOTE
Found the following Rd file(s) with Rd \link{} targets missing package
anchors:
soilhypfit_control_fit_wrc_hcc.Rd: nloptr
soilhypfit_fit_wrc_hcc.Rd: nloptr
Please provide package anchors for all Rd \link{} targets not in the
package itself and the base packages.
Flavors: r-devel-linux-x86_64-debian-clang, r-devel-linux-x86_64-debian-gcc, r-devel-windows-x86_64, r-patched-linux-x86_64, r-release-linux-x86_64, r-release-windows-x86_64