CRAN Package Check Results for Package sobolnp

Last updated on 2025-07-22 09:50:45 CEST.

Flavor Version Tinstall Tcheck Ttotal Status Flags
r-devel-linux-x86_64-debian-clang 0.1.0 7.38 79.85 87.23 NOTE
r-devel-linux-x86_64-debian-gcc 0.1.0 5.42 60.52 65.94 NOTE
r-devel-linux-x86_64-fedora-clang 0.1.0 138.03 OK
r-devel-linux-x86_64-fedora-gcc 0.1.0 132.57 OK
r-devel-windows-x86_64 0.1.0 8.00 86.00 94.00 OK
r-patched-linux-x86_64 0.1.0 7.31 78.57 85.88 OK
r-release-linux-x86_64 0.1.0 7.67 79.67 87.34 OK
r-release-macos-arm64 0.1.0 44.00 OK
r-release-macos-x86_64 0.1.0 82.00 OK
r-release-windows-x86_64 0.1.0 10.00 0.00 10.00 FAIL
r-oldrel-macos-arm64 0.1.0 39.00 NOTE
r-oldrel-macos-x86_64 0.1.0 60.00 NOTE
r-oldrel-windows-x86_64 0.1.0 11.00 110.00 121.00 NOTE

Check Details

Version: 0.1.0
Check: CRAN incoming feasibility
Result: NOTE Maintainer: ‘Maikol Solís <maikol.solis@ucr.ac.cr>’ No Authors@R field in DESCRIPTION. Please add one, modifying Authors@R: person(given = "Maikol", family = "Solís", role = c("aut", "cre"), email = "maikol.solis@ucr.ac.cr") as necessary. The Description field contains M. (2018) <arXiv:1803.03333>. Please refer to arXiv e-prints via their arXiv DOI <doi:10.48550/arXiv.YYMM.NNNNN>. Flavors: r-devel-linux-x86_64-debian-clang, r-devel-linux-x86_64-debian-gcc

Version: 0.1.0
Check: PDF version of manual
Result: FAIL Check process probably crashed or hung up for 20 minutes ... killed Most likely this happened in the example checks (?), if not, ignore the following last lines of example output: Multistart 1 of 1 | Multistart 1 of 1 | Multistart 1 of 1 | Multistart 1 of 1 | Multistart 1 of 1 / Multistart 1 of 1 | Multistart 1 of 1 | Estimating non-parametric Sobol indices with bootstrap bandwidth > > > > > ### * <FOOTER> > ### > cleanEx() > options(digits = 7L) > base::cat("Time elapsed: ", proc.time() - base::get("ptime", pos = 'CheckExEnv'),"\n") Time elapsed: 12.74 0.3 13.07 NA NA > grDevices::dev.off() null device 1 > ### > ### Local variables: *** > ### mode: outline-minor *** > ### outline-regexp: "\\(> \\)?### [*]+" *** > ### End: *** > quit('no') ======== End of example output (where/before crash/hang up occured ?) ======== Flavor: r-release-windows-x86_64

Version: 0.1.0
Check: LazyData
Result: NOTE 'LazyData' is specified without a 'data' directory Flavors: r-oldrel-macos-arm64, r-oldrel-macos-x86_64, r-oldrel-windows-x86_64