Last updated on 2025-07-16 20:53:37 CEST.
Flavor | Version | Tinstall | Tcheck | Ttotal | Status | Flags |
---|---|---|---|---|---|---|
r-devel-linux-x86_64-debian-clang | 0.0.1 | 145.24 | 73.10 | 218.34 | OK | |
r-devel-linux-x86_64-debian-gcc | 0.0.1 | 110.21 | 58.12 | 168.33 | OK | |
r-devel-linux-x86_64-fedora-clang | 0.0.1 | 418.89 | OK | |||
r-devel-linux-x86_64-fedora-gcc | 0.0.1 | 426.09 | OK | |||
r-devel-windows-x86_64 | 0.0.1 | 167.00 | 140.00 | 307.00 | OK | |
r-patched-linux-x86_64 | 0.0.1 | 149.97 | 71.40 | 221.37 | OK | |
r-release-linux-x86_64 | 0.0.1 | 138.81 | 72.30 | 211.11 | OK | |
r-release-macos-arm64 | 0.0.1 | 62.00 | ERROR | |||
r-release-macos-x86_64 | 0.0.1 | 60.00 | ERROR | |||
r-release-windows-x86_64 | 0.0.1 | 173.00 | 141.00 | 314.00 | OK | |
r-oldrel-macos-arm64 | 0.0.1 | 63.00 | ERROR | |||
r-oldrel-macos-x86_64 | 0.0.1 | 60.00 | ERROR | |||
r-oldrel-windows-x86_64 | 0.0.1 | 210.00 | 169.00 | 379.00 | NOTE |
Version: 0.0.1
Check: whether package can be installed
Result: ERROR
Installation failed.
Flavors: r-release-macos-arm64, r-release-macos-x86_64, r-oldrel-macos-arm64, r-oldrel-macos-x86_64
Version: 0.0.1
Check: installed package size
Result: NOTE
installed size is 7.6Mb
sub-directories of 1Mb or more:
libs 4.7Mb
Flavor: r-oldrel-windows-x86_64
Version: 0.0.1
Check: for GNU extensions in Makefiles
Result: NOTE
GNU make is a SystemRequirements.
Flavor: r-oldrel-windows-x86_64