Last updated on 2025-05-10 16:52:42 CEST.
Flavor | Version | Tinstall | Tcheck | Ttotal | Status | Flags |
---|---|---|---|---|---|---|
r-devel-linux-x86_64-debian-clang | 0.1.4 | 4.45 | 40.13 | 44.58 | NOTE | |
r-devel-linux-x86_64-debian-gcc | 0.1.4 | 3.01 | 29.81 | 32.82 | NOTE | |
r-devel-linux-x86_64-fedora-clang | 0.1.4 | 68.92 | NOTE | |||
r-devel-linux-x86_64-fedora-gcc | 0.1.4 | 62.43 | NOTE | |||
r-devel-windows-x86_64 | 0.1.4 | 6.00 | 58.00 | 64.00 | NOTE | |
r-patched-linux-x86_64 | 0.1.4 | 4.24 | 37.17 | 41.41 | NOTE | |
r-release-linux-x86_64 | 0.1.4 | 3.80 | 36.84 | 40.64 | NOTE | |
r-release-macos-arm64 | 0.1.4 | 28.00 | NOTE | |||
r-release-macos-x86_64 | 0.1.4 | 43.00 | NOTE | |||
r-release-windows-x86_64 | 0.1.4 | 7.00 | 61.00 | 68.00 | NOTE | |
r-oldrel-macos-arm64 | 0.1.4 | 29.00 | NOTE | |||
r-oldrel-macos-x86_64 | 0.1.4 | 35.00 | NOTE | |||
r-oldrel-windows-x86_64 | 0.1.4 | 7.00 | 70.00 | 77.00 | NOTE |
Version: 0.1.4
Check: Rd files
Result: NOTE
checkRd: (-1) smdocker_log.Rd:34: Lost braces in \itemize; meant \describe ?
checkRd: (-1) smdocker_log.Rd:35-37: Lost braces in \itemize; meant \describe ?
checkRd: (-1) smdocker_log.Rd:38: Lost braces in \itemize; meant \describe ?
checkRd: (-1) smdocker_log.Rd:16: Lost braces in \itemize; meant \describe ?
checkRd: (-1) smdocker_log.Rd:17: Lost braces in \itemize; meant \describe ?
checkRd: (-1) smdocker_log.Rd:18: Lost braces in \itemize; meant \describe ?
checkRd: (-1) smdocker_log.Rd:19: Lost braces in \itemize; meant \describe ?
Flavors: r-devel-linux-x86_64-debian-clang, r-devel-linux-x86_64-debian-gcc, r-devel-linux-x86_64-fedora-clang, r-devel-linux-x86_64-fedora-gcc, r-devel-windows-x86_64, r-patched-linux-x86_64, r-release-linux-x86_64, r-release-macos-arm64, r-release-macos-x86_64, r-release-windows-x86_64, r-oldrel-macos-arm64, r-oldrel-macos-x86_64, r-oldrel-windows-x86_64